{"id":21118,"date":"2024-03-12T13:58:40","date_gmt":"2024-03-12T13:58:40","guid":{"rendered":"https:\/\/devel.valcucine.com\/kundendienst\/wartung\/vetro\/"},"modified":"2025-06-04T14:59:25","modified_gmt":"2025-06-04T14:59:25","slug":"glas","status":"publish","type":"page","link":"https:\/\/www.valcucine.com\/de\/kundendienst\/wartung\/glas\/","title":{"rendered":"Glas"},"content":{"rendered":"<div class=\"wpb-content-wrapper\"><p>[vc_row][vc_column]\n        \n        <h1 class=\"text-start  main__title__h1  vc_custom_1724754385748 \" style=\"color:#333333;\"> \n\n         Glas\n        \n        <\/h1>[\/vc_column][\/vc_row][vc_row][vc_column][vc_column_text]<\/p>\n<h3><span style=\"font-size: 12pt;\">Vitrum gl\u00e4nzend und matt<\/span><br \/>\n<span style=\"font-size: 12pt;\">Vitrum mit Grafikeffekt<\/span><br \/>\n<span style=\"font-size: 12pt;\">Vitrum Mimesis<\/span><br \/>\n<span style=\"font-size: 12pt;\">Vitrum Tattile<\/span><br \/>\n<span style=\"font-size: 12pt;\">Vitrum mit Textileffekt<\/span><br \/>\n<span style=\"font-size: 12pt;\">Vitrum Velato<\/span><br \/>\n<span style=\"font-size: 12pt;\">Vitrum Arte<\/span><\/h3>\n<p>[\/vc_column_text][\/vc_column][\/vc_row][vc_row][vc_column][vc_single_image image=&#8220;3885&#8243; img_size=&#8220;50&#215;50&#8243;][\/vc_column][\/vc_row][vc_row][vc_column][vc_column_text]Fu\u0308r die einfache und effiziente Reinigung genu\u0308gt es, Neutralreiniger auf der Oberfl\u00e4che zu verteilen und die Fl\u00e4che anschlie\u00dfend abzuspu\u0308len sowie gru\u0308ndlich abzutrocknen. Essig eignet sich hervorragend zur Erg\u00e4nzung der t\u00e4glichen Reinigung. Durch ihn lassen sich eventuelle Kalkreste, die sich auf der Oberfl\u00e4che abgelagert haben,\u00a0zuverl\u00e4ssig entfernen.<\/p>\n<p>Im Laufe der Zeit k\u00f6nnen Seifen- und Kalkreste unsch\u00f6ne Flecken auf der Arbeitsplatte hinterlassen, die sich nicht so leicht entfernen lassen. Wir raten in diesem Fall zur Verwendung eines Entkalkers. Falls dies nicht reichen sollte, stehen unsere autorisierten Handelspartner fu\u0308r weitergehende Informationen zur Verwendung spezifischer Reinigungsprodukte zur Verfu\u0308gung. Damit die Arbeitsplatte ihr Aussehen beibeh\u00e4lt, sollte generell darauf geachtet werden, ausschlie\u00dflich weiche, nicht scheuernde Schw\u00e4mme und Tu\u0308cher zu verwenden. Nach dem Auftragen eines jeden beliebigen Reinigungsprodukts muss die Oberfl\u00e4che mit reichlich Wasser abgespu\u0308lt und vollst\u00e4ndig mit einem sauberen und trockenen Tuch abgetrocknet werden.[\/vc_column_text][\/vc_column][\/vc_row][vc_row][vc_column][vc_single_image image=&#8220;3891&#8243; img_size=&#8220;50&#215;50&#8243;][\/vc_column][\/vc_row][vc_row css=&#8220;.vc_custom_1710773327134{margin-bottom: 40px !important;}&#8220;][vc_column][vc_column_text]Auch wenn es sich bei geh\u00e4rtetem Glas um eines der h\u00e4rtesten Materialien mit hoher Kratzfestigkeit handelt, m\u00f6chten wir daran erinnern, dass gleichharte oder noch h\u00e4rtere Materialien, wie Teller, Keramik, Kristall oder Glasgegenst\u00e4nde trotzdem Kratzspuren auf diesen Fl\u00e4chen hinterlassen k\u00f6nnen.<br \/>\nVerwenden Sie keinesfalls raue oder scheuernde Schw\u00e4mme, da diese die Fl\u00e4chen irreparabel besch\u00e4digen k\u00f6nnen. Wir raten vom Einsatz von Spru\u0308hreinigern ohne nachfolgendes Abspu\u0308len ab, da solche Reinigungsmittel Seife enthalten, die in die Oberfl\u00e4chen eindringt, wenn sie nicht sorgf\u00e4ltig entfernt wird. Dadurch entsteht ein nicht wahrnehmbarer Film auf dem Glas, welcher die Bildung jedweder Art von Flecken erleichtert.[\/vc_column_text][\/vc_column][\/vc_row]<\/p>\n<\/div>","protected":false},"excerpt":{"rendered":"<p>[vc_row][vc_column][\/vc_column][\/vc_row][vc_row][vc_column][vc_column_text] Vitrum gl\u00e4nzend und matt Vitrum mit Grafikeffekt Vitrum Mimesis Vitrum Tattile Vitrum mit Textileffekt Vitrum Velato Vitrum Arte [\/vc_column_text][\/vc_column][\/vc_row][vc_row][vc_column][vc_single_image image=&#8220;3885&#8243; img_size=&#8220;50&#215;50&#8243;][\/vc_column][\/vc_row][vc_row][vc_column][vc_column_text]Fu\u0308r die einfache und effiziente Reinigung genu\u0308gt es, Neutralreiniger auf der Oberfl\u00e4che zu verteilen und die Fl\u00e4che anschlie\u00dfend abzuspu\u0308len sowie gru\u0308ndlich abzutrocknen. Essig eignet sich hervorragend zur Erg\u00e4nzung der t\u00e4glichen Reinigung. Durch ihn lassen [&hellip;]<\/p>\n","protected":false},"author":1,"featured_media":0,"parent":21021,"menu_order":0,"comment_status":"closed","ping_status":"closed","template":"page-maintenancetemplate.php","meta":{"footnotes":""},"class_list":["post-21118","page","type-page","status-publish","hentry"],"yoast_head":"<!-- This site is optimized with the Yoast SEO plugin v26.2 - https:\/\/yoast.com\/wordpress\/plugins\/seo\/ -->\n<title>Glas - Valcucine<\/title>\n<meta name=\"robots\" content=\"index, follow, max-snippet:-1, max-image-preview:large, max-video-preview:-1\" \/>\n<link rel=\"canonical\" href=\"https:\/\/www.valcucine.com\/de\/kundendienst\/wartung\/glas\/\" \/>\n<meta property=\"og:locale\" content=\"de_DE\" \/>\n<meta property=\"og:type\" content=\"article\" \/>\n<meta property=\"og:title\" content=\"Glas - Valcucine\" \/>\n<meta property=\"og:description\" content=\"[vc_row][vc_column][\/vc_column][\/vc_row][vc_row][vc_column][vc_column_text] Vitrum gl\u00e4nzend und matt Vitrum mit Grafikeffekt Vitrum Mimesis Vitrum Tattile Vitrum mit Textileffekt Vitrum Velato Vitrum Arte [\/vc_column_text][\/vc_column][\/vc_row][vc_row][vc_column][vc_single_image image=&#8220;3885&#8243; img_size=&#8220;50&#215;50&#8243;][\/vc_column][\/vc_row][vc_row][vc_column][vc_column_text]Fu\u0308r die einfache und effiziente Reinigung genu\u0308gt es, Neutralreiniger auf der Oberfl\u00e4che zu verteilen und die Fl\u00e4che anschlie\u00dfend abzuspu\u0308len sowie gru\u0308ndlich abzutrocknen. Essig eignet sich hervorragend zur Erg\u00e4nzung der t\u00e4glichen Reinigung. Durch ihn lassen [&hellip;]\" \/>\n<meta property=\"og:url\" content=\"https:\/\/www.valcucine.com\/de\/kundendienst\/wartung\/glas\/\" \/>\n<meta property=\"og:site_name\" content=\"Valcucine\" \/>\n<meta property=\"article:publisher\" content=\"https:\/\/www.facebook.com\/valcucine\/\" \/>\n<meta property=\"article:modified_time\" content=\"2025-06-04T14:59:25+00:00\" \/>\n<meta name=\"twitter:card\" content=\"summary_large_image\" \/>\n<meta name=\"twitter:label1\" content=\"Gesch\u00e4tzte Lesezeit\" \/>\n\t<meta name=\"twitter:data1\" content=\"2\u00a0Minuten\" \/>\n<script type=\"application\/ld+json\" class=\"yoast-schema-graph\">{\"@context\":\"https:\/\/schema.org\",\"@graph\":[{\"@type\":\"WebPage\",\"@id\":\"https:\/\/www.valcucine.com\/de\/kundendienst\/wartung\/glas\/\",\"url\":\"https:\/\/www.valcucine.com\/de\/kundendienst\/wartung\/glas\/\",\"name\":\"Glas - Valcucine\",\"isPartOf\":{\"@id\":\"https:\/\/www.valcucine.com\/#website\"},\"datePublished\":\"2024-03-12T13:58:40+00:00\",\"dateModified\":\"2025-06-04T14:59:25+00:00\",\"breadcrumb\":{\"@id\":\"https:\/\/www.valcucine.com\/de\/kundendienst\/wartung\/glas\/#breadcrumb\"},\"inLanguage\":\"de\",\"potentialAction\":[{\"@type\":\"ReadAction\",\"target\":[\"https:\/\/www.valcucine.com\/de\/kundendienst\/wartung\/glas\/\"]}]},{\"@type\":\"BreadcrumbList\",\"@id\":\"https:\/\/www.valcucine.com\/de\/kundendienst\/wartung\/glas\/#breadcrumb\",\"itemListElement\":[{\"@type\":\"ListItem\",\"position\":1,\"name\":\"Valcucine\",\"item\":\"https:\/\/www.valcucine.com\/de\/\"},{\"@type\":\"ListItem\",\"position\":2,\"name\":\"Kundendienst\",\"item\":\"https:\/\/www.valcucine.com\/de\/kundendienst\/\"},{\"@type\":\"ListItem\",\"position\":3,\"name\":\"Pflege\",\"item\":\"https:\/\/www.valcucine.com\/de\/kundendienst\/wartung\/\"},{\"@type\":\"ListItem\",\"position\":4,\"name\":\"Glas\"}]},{\"@type\":\"WebSite\",\"@id\":\"https:\/\/www.valcucine.com\/#website\",\"url\":\"https:\/\/www.valcucine.com\/\",\"name\":\"Valcucine\",\"description\":\"\",\"publisher\":{\"@id\":\"https:\/\/www.valcucine.com\/#organization\"},\"potentialAction\":[{\"@type\":\"SearchAction\",\"target\":{\"@type\":\"EntryPoint\",\"urlTemplate\":\"https:\/\/www.valcucine.com\/?s={search_term_string}\"},\"query-input\":{\"@type\":\"PropertyValueSpecification\",\"valueRequired\":true,\"valueName\":\"search_term_string\"}}],\"inLanguage\":\"de\"},{\"@type\":\"Organization\",\"@id\":\"https:\/\/www.valcucine.com\/#organization\",\"name\":\"Valcucine\",\"url\":\"https:\/\/www.valcucine.com\/\",\"logo\":{\"@type\":\"ImageObject\",\"inLanguage\":\"de\",\"@id\":\"https:\/\/www.valcucine.com\/#\/schema\/logo\/image\/\",\"url\":\"https:\/\/www.valcucine.com\/wp-content\/uploads\/2024\/02\/logo-valcucine.webp?wsr\",\"contentUrl\":\"https:\/\/www.valcucine.com\/wp-content\/uploads\/2024\/02\/logo-valcucine.webp?wsr\",\"width\":288,\"height\":46,\"caption\":\"Valcucine\"},\"image\":{\"@id\":\"https:\/\/www.valcucine.com\/#\/schema\/logo\/image\/\"},\"sameAs\":[\"https:\/\/www.facebook.com\/valcucine\/\",\"https:\/\/www.instagram.com\/valcucine\/\",\"https:\/\/www.linkedin.com\/company\/valcucine\"]}]}<\/script>\n<!-- \/ Yoast SEO plugin. -->","yoast_head_json":{"title":"Glas - Valcucine","robots":{"index":"index","follow":"follow","max-snippet":"max-snippet:-1","max-image-preview":"max-image-preview:large","max-video-preview":"max-video-preview:-1"},"canonical":"https:\/\/www.valcucine.com\/de\/kundendienst\/wartung\/glas\/","og_locale":"de_DE","og_type":"article","og_title":"Glas - Valcucine","og_description":"[vc_row][vc_column][\/vc_column][\/vc_row][vc_row][vc_column][vc_column_text] Vitrum gl\u00e4nzend und matt Vitrum mit Grafikeffekt Vitrum Mimesis Vitrum Tattile Vitrum mit Textileffekt Vitrum Velato Vitrum Arte [\/vc_column_text][\/vc_column][\/vc_row][vc_row][vc_column][vc_single_image image=&#8220;3885&#8243; img_size=&#8220;50&#215;50&#8243;][\/vc_column][\/vc_row][vc_row][vc_column][vc_column_text]Fu\u0308r die einfache und effiziente Reinigung genu\u0308gt es, Neutralreiniger auf der Oberfl\u00e4che zu verteilen und die Fl\u00e4che anschlie\u00dfend abzuspu\u0308len sowie gru\u0308ndlich abzutrocknen. Essig eignet sich hervorragend zur Erg\u00e4nzung der t\u00e4glichen Reinigung. Durch ihn lassen [&hellip;]","og_url":"https:\/\/www.valcucine.com\/de\/kundendienst\/wartung\/glas\/","og_site_name":"Valcucine","article_publisher":"https:\/\/www.facebook.com\/valcucine\/","article_modified_time":"2025-06-04T14:59:25+00:00","twitter_card":"summary_large_image","twitter_misc":{"Gesch\u00e4tzte Lesezeit":"2\u00a0Minuten"},"schema":{"@context":"https:\/\/schema.org","@graph":[{"@type":"WebPage","@id":"https:\/\/www.valcucine.com\/de\/kundendienst\/wartung\/glas\/","url":"https:\/\/www.valcucine.com\/de\/kundendienst\/wartung\/glas\/","name":"Glas - Valcucine","isPartOf":{"@id":"https:\/\/www.valcucine.com\/#website"},"datePublished":"2024-03-12T13:58:40+00:00","dateModified":"2025-06-04T14:59:25+00:00","breadcrumb":{"@id":"https:\/\/www.valcucine.com\/de\/kundendienst\/wartung\/glas\/#breadcrumb"},"inLanguage":"de","potentialAction":[{"@type":"ReadAction","target":["https:\/\/www.valcucine.com\/de\/kundendienst\/wartung\/glas\/"]}]},{"@type":"BreadcrumbList","@id":"https:\/\/www.valcucine.com\/de\/kundendienst\/wartung\/glas\/#breadcrumb","itemListElement":[{"@type":"ListItem","position":1,"name":"Valcucine","item":"https:\/\/www.valcucine.com\/de\/"},{"@type":"ListItem","position":2,"name":"Kundendienst","item":"https:\/\/www.valcucine.com\/de\/kundendienst\/"},{"@type":"ListItem","position":3,"name":"Pflege","item":"https:\/\/www.valcucine.com\/de\/kundendienst\/wartung\/"},{"@type":"ListItem","position":4,"name":"Glas"}]},{"@type":"WebSite","@id":"https:\/\/www.valcucine.com\/#website","url":"https:\/\/www.valcucine.com\/","name":"Valcucine","description":"","publisher":{"@id":"https:\/\/www.valcucine.com\/#organization"},"potentialAction":[{"@type":"SearchAction","target":{"@type":"EntryPoint","urlTemplate":"https:\/\/www.valcucine.com\/?s={search_term_string}"},"query-input":{"@type":"PropertyValueSpecification","valueRequired":true,"valueName":"search_term_string"}}],"inLanguage":"de"},{"@type":"Organization","@id":"https:\/\/www.valcucine.com\/#organization","name":"Valcucine","url":"https:\/\/www.valcucine.com\/","logo":{"@type":"ImageObject","inLanguage":"de","@id":"https:\/\/www.valcucine.com\/#\/schema\/logo\/image\/","url":"https:\/\/www.valcucine.com\/wp-content\/uploads\/2024\/02\/logo-valcucine.webp?wsr","contentUrl":"https:\/\/www.valcucine.com\/wp-content\/uploads\/2024\/02\/logo-valcucine.webp?wsr","width":288,"height":46,"caption":"Valcucine"},"image":{"@id":"https:\/\/www.valcucine.com\/#\/schema\/logo\/image\/"},"sameAs":["https:\/\/www.facebook.com\/valcucine\/","https:\/\/www.instagram.com\/valcucine\/","https:\/\/www.linkedin.com\/company\/valcucine"]}]}},"_links":{"self":[{"href":"https:\/\/www.valcucine.com\/de\/wp-json\/wp\/v2\/pages\/21118","targetHints":{"allow":["GET"]}}],"collection":[{"href":"https:\/\/www.valcucine.com\/de\/wp-json\/wp\/v2\/pages"}],"about":[{"href":"https:\/\/www.valcucine.com\/de\/wp-json\/wp\/v2\/types\/page"}],"author":[{"embeddable":true,"href":"https:\/\/www.valcucine.com\/de\/wp-json\/wp\/v2\/users\/1"}],"replies":[{"embeddable":true,"href":"https:\/\/www.valcucine.com\/de\/wp-json\/wp\/v2\/comments?post=21118"}],"version-history":[{"count":2,"href":"https:\/\/www.valcucine.com\/de\/wp-json\/wp\/v2\/pages\/21118\/revisions"}],"predecessor-version":[{"id":21120,"href":"https:\/\/www.valcucine.com\/de\/wp-json\/wp\/v2\/pages\/21118\/revisions\/21120"}],"up":[{"embeddable":true,"href":"https:\/\/www.valcucine.com\/de\/wp-json\/wp\/v2\/pages\/21021"}],"wp:attachment":[{"href":"https:\/\/www.valcucine.com\/de\/wp-json\/wp\/v2\/media?parent=21118"}],"curies":[{"name":"wp","href":"https:\/\/api.w.org\/{rel}","templated":true}]}}

<div class="wpb-content-wrapper"><p>[vc_row][vc_column]
        
        <h1 class="text-start  main__title__h1  vc_custom_1724754385748 " style="color:#333333;"> 

         Glas
        
        </h1>[/vc_column][/vc_row][vc_row][vc_column][vc_column_text]</p>
<h3><span style="font-size: 12pt;">Vitrum glänzend und matt</span><br />
<span style="font-size: 12pt;">Vitrum mit Grafikeffekt</span><br />
<span style="font-size: 12pt;">Vitrum Mimesis</span><br />
<span style="font-size: 12pt;">Vitrum Tattile</span><br />
<span style="font-size: 12pt;">Vitrum mit Textileffekt</span><br />
<span style="font-size: 12pt;">Vitrum Velato</span><br />
<span style="font-size: 12pt;">Vitrum Arte</span></h3>
<p>[/vc_column_text][/vc_column][/vc_row][vc_row][vc_column][vc_single_image image=&#8220;3885&#8243; img_size=&#8220;50&#215;50&#8243;][/vc_column][/vc_row][vc_row][vc_column][vc_column_text]Für die einfache und effiziente Reinigung genügt es, Neutralreiniger auf der Oberfläche zu verteilen und die Fläche anschließend abzuspülen sowie gründlich abzutrocknen. Essig eignet sich hervorragend zur Ergänzung der täglichen Reinigung. Durch ihn lassen sich eventuelle Kalkreste, die sich auf der Oberfläche abgelagert haben, zuverlässig entfernen.</p>
<p>Im Laufe der Zeit können Seifen- und Kalkreste unschöne Flecken auf der Arbeitsplatte hinterlassen, die sich nicht so leicht entfernen lassen. Wir raten in diesem Fall zur Verwendung eines Entkalkers. Falls dies nicht reichen sollte, stehen unsere autorisierten Handelspartner für weitergehende Informationen zur Verwendung spezifischer Reinigungsprodukte zur Verfügung. Damit die Arbeitsplatte ihr Aussehen beibehält, sollte generell darauf geachtet werden, ausschließlich weiche, nicht scheuernde Schwämme und Tücher zu verwenden. Nach dem Auftragen eines jeden beliebigen Reinigungsprodukts muss die Oberfläche mit reichlich Wasser abgespült und vollständig mit einem sauberen und trockenen Tuch abgetrocknet werden.[/vc_column_text][/vc_column][/vc_row][vc_row][vc_column][vc_single_image image=&#8220;3891&#8243; img_size=&#8220;50&#215;50&#8243;][/vc_column][/vc_row][vc_row css=&#8220;.vc_custom_1710773327134{margin-bottom: 40px !important;}&#8220;][vc_column][vc_column_text]Auch wenn es sich bei gehärtetem Glas um eines der härtesten Materialien mit hoher Kratzfestigkeit handelt, möchten wir daran erinnern, dass gleichharte oder noch härtere Materialien, wie Teller, Keramik, Kristall oder Glasgegenstände trotzdem Kratzspuren auf diesen Flächen hinterlassen können.<br />
Verwenden Sie keinesfalls raue oder scheuernde Schwämme, da diese die Flächen irreparabel beschädigen können. Wir raten vom Einsatz von Sprühreinigern ohne nachfolgendes Abspülen ab, da solche Reinigungsmittel Seife enthalten, die in die Oberflächen eindringt, wenn sie nicht sorgfältig entfernt wird. Dadurch entsteht ein nicht wahrnehmbarer Film auf dem Glas, welcher die Bildung jedweder Art von Flecken erleichtert.[/vc_column_text][/vc_column][/vc_row]</p>
</div>

<p>[vc_row][vc_column][/vc_column][/vc_row][vc_row][vc_column][vc_column_text] Vitrum glänzend und matt Vitrum mit Grafikeffekt Vitrum Mimesis Vitrum Tattile Vitrum mit Textileffekt Vitrum Velato Vitrum Arte [/vc_column_text][/vc_column][/vc_row][vc_row][vc_column][vc_single_image image=&#8220;3885&#8243; img_size=&#8220;50&#215;50&#8243;][/vc_column][/vc_row][vc_row][vc_column][vc_column_text]Für die einfache und effiziente Reinigung genügt es, Neutralreiniger auf der Oberfläche zu verteilen und die Fläche anschließend abzuspülen sowie gründlich abzutrocknen. Essig eignet sich hervorragend zur Ergänzung der täglichen Reinigung. Durch ihn lassen [&hellip;]</p>

<!-- This site is optimized with the Yoast SEO plugin v26.2 - https://yoast.com/wordpress/plugins/seo/ -->
<title>Glas - Valcucine</title>
<meta name="robots" content="index, follow, max-snippet:-1, max-image-preview:large, max-video-preview:-1" />
<link rel="canonical" href="https://www.valcucine.com/de/kundendienst/wartung/glas/" />
<meta property="og:locale" content="de_DE" />
<meta property="og:type" content="article" />
<meta property="og:title" content="Glas - Valcucine" />
<meta property="og:description" content="[vc_row][vc_column][/vc_column][/vc_row][vc_row][vc_column][vc_column_text] Vitrum glänzend und matt Vitrum mit Grafikeffekt Vitrum Mimesis Vitrum Tattile Vitrum mit Textileffekt Vitrum Velato Vitrum Arte [/vc_column_text][/vc_column][/vc_row][vc_row][vc_column][vc_single_image image=&#8220;3885&#8243; img_size=&#8220;50&#215;50&#8243;][/vc_column][/vc_row][vc_row][vc_column][vc_column_text]Für die einfache und effiziente Reinigung genügt es, Neutralreiniger auf der Oberfläche zu verteilen und die Fläche anschließend abzuspülen sowie gründlich abzutrocknen. Essig eignet sich hervorragend zur Ergänzung der täglichen Reinigung. Durch ihn lassen [&hellip;]" />
<meta property="og:url" content="https://www.valcucine.com/de/kundendienst/wartung/glas/" />
<meta property="og:site_name" content="Valcucine" />
<meta property="article:publisher" content="https://www.facebook.com/valcucine/" />
<meta property="article:modified_time" content="2025-06-04T14:59:25+00:00" />
<meta name="twitter:card" content="summary_large_image" />
<meta name="twitter:label1" content="Geschätzte Lesezeit" />
	<meta name="twitter:data1" content="2 Minuten" />
<script type="application/ld+json" class="yoast-schema-graph">{"@context":"https://schema.org","@graph":[{"@type":"WebPage","@id":"https://www.valcucine.com/de/kundendienst/wartung/glas/","url":"https://www.valcucine.com/de/kundendienst/wartung/glas/","name":"Glas - Valcucine","isPartOf":{"@id":"https://www.valcucine.com/#website"},"datePublished":"2024-03-12T13:58:40+00:00","dateModified":"2025-06-04T14:59:25+00:00","breadcrumb":{"@id":"https://www.valcucine.com/de/kundendienst/wartung/glas/#breadcrumb"},"inLanguage":"de","potentialAction":[{"@type":"ReadAction","target":["https://www.valcucine.com/de/kundendienst/wartung/glas/"]}]},{"@type":"BreadcrumbList","@id":"https://www.valcucine.com/de/kundendienst/wartung/glas/#breadcrumb","itemListElement":[{"@type":"ListItem","position":1,"name":"Valcucine","item":"https://www.valcucine.com/de/"},{"@type":"ListItem","position":2,"name":"Kundendienst","item":"https://www.valcucine.com/de/kundendienst/"},{"@type":"ListItem","position":3,"name":"Pflege","item":"https://www.valcucine.com/de/kundendienst/wartung/"},{"@type":"ListItem","position":4,"name":"Glas"}]},{"@type":"WebSite","@id":"https://www.valcucine.com/#website","url":"https://www.valcucine.com/","name":"Valcucine","description":"","publisher":{"@id":"https://www.valcucine.com/#organization"},"potentialAction":[{"@type":"SearchAction","target":{"@type":"EntryPoint","urlTemplate":"https://www.valcucine.com/?s={search_term_string}"},"query-input":{"@type":"PropertyValueSpecification","valueRequired":true,"valueName":"search_term_string"}}],"inLanguage":"de"},{"@type":"Organization","@id":"https://www.valcucine.com/#organization","name":"Valcucine","url":"https://www.valcucine.com/","logo":{"@type":"ImageObject","inLanguage":"de","@id":"https://www.valcucine.com/#/schema/logo/image/","url":"https://www.valcucine.com/wp-content/uploads/2024/02/logo-valcucine.webp?wsr","contentUrl":"https://www.valcucine.com/wp-content/uploads/2024/02/logo-valcucine.webp?wsr","width":288,"height":46,"caption":"Valcucine"},"image":{"@id":"https://www.valcucine.com/#/schema/logo/image/"},"sameAs":["https://www.facebook.com/valcucine/","https://www.instagram.com/valcucine/","https://www.linkedin.com/company/valcucine"]}]}</script>
<!-- / Yoast SEO plugin. -->

[vc_row][vc_column][/vc_column][/vc_row][vc_row][vc_column][vc_column_text] Vitrum glänzend und matt Vitrum mit Grafikeffekt Vitrum Mimesis Vitrum Tattile Vitrum mit Textileffekt Vitrum Velato Vitrum Arte [/vc_column_text][/vc_column][/vc_row][vc_row][vc_column][vc_single_image image=&#8220;3885&#8243; img_size=&#8220;50&#215;50&#8243;][/vc_column][/vc_row][vc_row][vc_column][vc_column_text]Für die einfache und effiziente Reinigung genügt es, Neutralreiniger auf der Oberfläche zu verteilen und die Fläche anschließend abzuspülen sowie gründlich abzutrocknen. Essig eignet sich hervorragend zur Ergänzung der täglichen Reinigung. Durch ihn lassen [&hellip;]
