{"id":21287,"date":"2024-01-30T14:05:04","date_gmt":"2024-01-30T14:05:04","guid":{"rendered":"https:\/\/devel.valcucine.com\/collezioni\/"},"modified":"2025-06-04T13:23:15","modified_gmt":"2025-06-04T13:23:15","slug":"sortiment","status":"publish","type":"page","link":"https:\/\/www.valcucine.com\/de\/sortiment\/","title":{"rendered":"Kollektionen"},"content":{"rendered":"<div class=\"wpb-content-wrapper\"><p>[vc_row css=&#8220;.vc_custom_1709739912507{padding-top: 40px !important;padding-bottom: 40px !important;}&#8220;][vc_column]\n        \n        <h1 class=\"text-center  main__title__h1  \" style=\"color:#333333;\"> \n\n         Kollektionen\n        \n        <\/h1>[\/vc_column][\/vc_row][vc_row][vc_column][vc_column_text]Jede unserer Kollektionen wird um den Menschen herum entworfen und entwickelt. Alles dreht sich um sein Wohlbefinden und seine Bed\u00fcrfnisse. Auf diese Weise entstehen Produkte, die ihren Teil dazu beitragen, das t\u00e4gliche Leben zu genie\u00dfen. Moderne und innovative Design-K\u00fcchen, die f\u00fcr Generationen gemacht sind. Zeitlos und unbeeinflusst von modischen Str\u00f6mungen.[\/vc_column_text][\/vc_column][\/vc_row][vc_row][vc_column][vc_separator color=&#8220;custom&#8220; el_width=&#8220;10&#8243; accent_color=&#8220;#666666&#8243;][\/vc_column][\/vc_row][vc_row][vc_column width=&#8220;1\/2&#8243;]<div class=\"block__img__hover\"><a href=\"https:\/\/www.valcucine.com\/de\/sortiment\/artematica\/\" target=\"\" rel=\"\" style=\"background-image:url(https:\/\/www.valcucine.com\/wp-content\/uploads\/2024\/03\/3_icona-artematica.webp?wsr)\"><img src='https:\/\/www.valcucine.com\/wp-content\/uploads\/2024\/03\/3_icona-artematica.webp?wsr' alt='' style='display:none'><h4>Artematica<\/h4><\/a><\/div>[\/vc_column][vc_column width=&#8220;1\/2&#8243;]<div class=\"block__img__hover\"><a href=\"https:\/\/www.valcucine.com\/de\/sortiment\/artematica-vitrum-soft-outline\/\" target=\"\" rel=\"\" style=\"background-image:url(https:\/\/www.valcucine.com\/wp-content\/uploads\/2024\/03\/359_icona-artematica-soft-outline.webp?wsr)\"><img src='https:\/\/www.valcucine.com\/wp-content\/uploads\/2024\/03\/359_icona-artematica-soft-outline.webp?wsr' alt='' style='display:none'><h4>Artematica Soft Outline<\/h4><\/a><\/div>[\/vc_column][\/vc_row][vc_row][vc_column width=&#8220;1\/2&#8243;]<div class=\"block__img__hover\"><a href=\"https:\/\/www.valcucine.com\/de\/sortiment\/die-neue-riciclantica\/\" target=\"\" rel=\"\" style=\"background-image:url(https:\/\/www.valcucine.com\/wp-content\/uploads\/2024\/03\/437_icona-riciclantica.webp?wsr)\"><img src='https:\/\/www.valcucine.com\/wp-content\/uploads\/2024\/03\/437_icona-riciclantica.webp?wsr' alt='' style='display:none'><h4>Riciclantica<\/h4><\/a><\/div>[\/vc_column][vc_column width=&#8220;1\/2&#8243;]<div class=\"block__img__hover\"><a href=\"https:\/\/www.valcucine.com\/de\/sortiment\/riciclantica-laminato-outline\/\" target=\"\" rel=\"\" style=\"background-image:url(https:\/\/www.valcucine.com\/wp-content\/uploads\/2024\/03\/360_icona-riciclantica-outline.webp?wsr)\"><img src='https:\/\/www.valcucine.com\/wp-content\/uploads\/2024\/03\/360_icona-riciclantica-outline.webp?wsr' alt='' style='display:none'><h4>Riciclantica Outline<\/h4><\/a><\/div>[\/vc_column][\/vc_row][vc_row][vc_column width=&#8220;1\/2&#8243;]<div class=\"block__img__hover\"><a href=\"https:\/\/www.valcucine.com\/de\/sortiment\/forma-mentis\/\" target=\"\" rel=\"\" style=\"background-image:url(https:\/\/www.valcucine.com\/wp-content\/uploads\/2024\/03\/46_icona-forma-mentis.webp?wsr)\"><img src='https:\/\/www.valcucine.com\/wp-content\/uploads\/2024\/03\/46_icona-forma-mentis.webp?wsr' alt='icona-forma-mentis' style='display:none'><h4>Forma Mentis<\/h4><\/a><\/div>[\/vc_column][vc_column width=&#8220;1\/2&#8243;]<div class=\"block__img__hover\"><a href=\"https:\/\/www.valcucine.com\/de\/sortiment\/archigraphica\/\" target=\"\" rel=\"\" style=\"background-image:url(https:\/\/www.valcucine.com\/wp-content\/uploads\/2024\/12\/ICONA-ARCHIGRAPHICA-4.jpg?wsr)\"><img src='https:\/\/www.valcucine.com\/wp-content\/uploads\/2024\/12\/ICONA-ARCHIGRAPHICA-4.jpg?wsr' alt='Discover Archigraphica: innovative wooden kitchen designs blending creativity, functionality, and modern elegance.' style='display:none'><h4>Archigraphica<\/h4><\/a><\/div>[\/vc_column][\/vc_row][vc_row][vc_column width=&#8220;1\/2&#8243;]<div class=\"block__img__hover\"><a href=\"https:\/\/www.valcucine.com\/de\/sortiment\/genius-loci\/\" target=\"\" rel=\"\" style=\"background-image:url(https:\/\/www.valcucine.com\/wp-content\/uploads\/2024\/03\/5_icona-genius-loci.webp?wsr)\"><img src='https:\/\/www.valcucine.com\/wp-content\/uploads\/2024\/03\/5_icona-genius-loci.webp?wsr' alt='' style='display:none'><h4>Genius Loci<\/h4><\/a><\/div>[\/vc_column][\/vc_row]<\/p>\n<\/div>","protected":false},"excerpt":{"rendered":"<p>[vc_row css=&#8220;.vc_custom_1709739912507{padding-top: 40px !important;padding-bottom: 40px !important;}&#8220;][vc_column][\/vc_column][\/vc_row][vc_row][vc_column][vc_column_text]Jede unserer Kollektionen wird um den Menschen herum entworfen und entwickelt. Alles dreht sich um sein Wohlbefinden und seine Bed\u00fcrfnisse. Auf diese Weise entstehen Produkte, die ihren Teil dazu beitragen, das t\u00e4gliche Leben zu genie\u00dfen. Moderne und innovative Design-K\u00fcchen, die f\u00fcr Generationen gemacht sind. Zeitlos und unbeeinflusst von modischen Str\u00f6mungen.[\/vc_column_text][\/vc_column][\/vc_row][vc_row][vc_column][vc_separator [&hellip;]<\/p>\n","protected":false},"author":1,"featured_media":0,"parent":0,"menu_order":0,"comment_status":"closed","ping_status":"open","template":"","meta":{"footnotes":""},"class_list":["post-21287","page","type-page","status-publish","hentry"],"yoast_head":"<!-- This site is optimized with the Yoast SEO plugin v26.2 - https:\/\/yoast.com\/wordpress\/plugins\/seo\/ -->\n<title>Kollektionen - Valcucine<\/title>\n<meta name=\"description\" content=\"Cucine moderne, di design ed innovative fatte per durare generazioni, impermeabili alle\u00a0tendenze, senza tempo.\" \/>\n<meta name=\"robots\" content=\"index, follow, max-snippet:-1, max-image-preview:large, max-video-preview:-1\" \/>\n<link rel=\"canonical\" href=\"https:\/\/www.valcucine.com\/de\/sortiment\/\" \/>\n<meta property=\"og:locale\" content=\"de_DE\" \/>\n<meta property=\"og:type\" content=\"article\" \/>\n<meta property=\"og:title\" content=\"Kollektionen - Valcucine\" \/>\n<meta property=\"og:description\" content=\"Cucine moderne, di design ed innovative fatte per durare generazioni, impermeabili alle\u00a0tendenze, senza tempo.\" \/>\n<meta property=\"og:url\" content=\"https:\/\/www.valcucine.com\/de\/sortiment\/\" \/>\n<meta property=\"og:site_name\" content=\"Valcucine\" \/>\n<meta property=\"article:publisher\" content=\"https:\/\/www.facebook.com\/valcucine\/\" \/>\n<meta property=\"article:modified_time\" content=\"2025-06-04T13:23:15+00:00\" \/>\n<meta name=\"twitter:card\" content=\"summary_large_image\" \/>\n<meta name=\"twitter:label1\" content=\"Gesch\u00e4tzte Lesezeit\" \/>\n\t<meta name=\"twitter:data1\" content=\"1\u00a0Minute\" \/>\n<script type=\"application\/ld+json\" class=\"yoast-schema-graph\">{\"@context\":\"https:\/\/schema.org\",\"@graph\":[{\"@type\":\"WebPage\",\"@id\":\"https:\/\/www.valcucine.com\/de\/sortiment\/\",\"url\":\"https:\/\/www.valcucine.com\/de\/sortiment\/\",\"name\":\"Kollektionen - Valcucine\",\"isPartOf\":{\"@id\":\"https:\/\/www.valcucine.com\/#website\"},\"datePublished\":\"2024-01-30T14:05:04+00:00\",\"dateModified\":\"2025-06-04T13:23:15+00:00\",\"description\":\"Cucine moderne, di design ed innovative fatte per durare generazioni, impermeabili alle\u00a0tendenze, senza tempo.\",\"breadcrumb\":{\"@id\":\"https:\/\/www.valcucine.com\/de\/sortiment\/#breadcrumb\"},\"inLanguage\":\"de\",\"potentialAction\":[{\"@type\":\"ReadAction\",\"target\":[\"https:\/\/www.valcucine.com\/de\/sortiment\/\"]}]},{\"@type\":\"BreadcrumbList\",\"@id\":\"https:\/\/www.valcucine.com\/de\/sortiment\/#breadcrumb\",\"itemListElement\":[{\"@type\":\"ListItem\",\"position\":1,\"name\":\"Valcucine\",\"item\":\"https:\/\/www.valcucine.com\/de\/\"},{\"@type\":\"ListItem\",\"position\":2,\"name\":\"Kollektionen\"}]},{\"@type\":\"WebSite\",\"@id\":\"https:\/\/www.valcucine.com\/#website\",\"url\":\"https:\/\/www.valcucine.com\/\",\"name\":\"Valcucine\",\"description\":\"\",\"publisher\":{\"@id\":\"https:\/\/www.valcucine.com\/#organization\"},\"potentialAction\":[{\"@type\":\"SearchAction\",\"target\":{\"@type\":\"EntryPoint\",\"urlTemplate\":\"https:\/\/www.valcucine.com\/?s={search_term_string}\"},\"query-input\":{\"@type\":\"PropertyValueSpecification\",\"valueRequired\":true,\"valueName\":\"search_term_string\"}}],\"inLanguage\":\"de\"},{\"@type\":\"Organization\",\"@id\":\"https:\/\/www.valcucine.com\/#organization\",\"name\":\"Valcucine\",\"url\":\"https:\/\/www.valcucine.com\/\",\"logo\":{\"@type\":\"ImageObject\",\"inLanguage\":\"de\",\"@id\":\"https:\/\/www.valcucine.com\/#\/schema\/logo\/image\/\",\"url\":\"https:\/\/www.valcucine.com\/wp-content\/uploads\/2024\/02\/logo-valcucine.webp?wsr\",\"contentUrl\":\"https:\/\/www.valcucine.com\/wp-content\/uploads\/2024\/02\/logo-valcucine.webp?wsr\",\"width\":288,\"height\":46,\"caption\":\"Valcucine\"},\"image\":{\"@id\":\"https:\/\/www.valcucine.com\/#\/schema\/logo\/image\/\"},\"sameAs\":[\"https:\/\/www.facebook.com\/valcucine\/\",\"https:\/\/www.instagram.com\/valcucine\/\",\"https:\/\/www.linkedin.com\/company\/valcucine\"]}]}<\/script>\n<!-- \/ Yoast SEO plugin. -->","yoast_head_json":{"title":"Kollektionen - Valcucine","description":"Cucine moderne, di design ed innovative fatte per durare generazioni, impermeabili alle\u00a0tendenze, senza tempo.","robots":{"index":"index","follow":"follow","max-snippet":"max-snippet:-1","max-image-preview":"max-image-preview:large","max-video-preview":"max-video-preview:-1"},"canonical":"https:\/\/www.valcucine.com\/de\/sortiment\/","og_locale":"de_DE","og_type":"article","og_title":"Kollektionen - Valcucine","og_description":"Cucine moderne, di design ed innovative fatte per durare generazioni, impermeabili alle\u00a0tendenze, senza tempo.","og_url":"https:\/\/www.valcucine.com\/de\/sortiment\/","og_site_name":"Valcucine","article_publisher":"https:\/\/www.facebook.com\/valcucine\/","article_modified_time":"2025-06-04T13:23:15+00:00","twitter_card":"summary_large_image","twitter_misc":{"Gesch\u00e4tzte Lesezeit":"1\u00a0Minute"},"schema":{"@context":"https:\/\/schema.org","@graph":[{"@type":"WebPage","@id":"https:\/\/www.valcucine.com\/de\/sortiment\/","url":"https:\/\/www.valcucine.com\/de\/sortiment\/","name":"Kollektionen - Valcucine","isPartOf":{"@id":"https:\/\/www.valcucine.com\/#website"},"datePublished":"2024-01-30T14:05:04+00:00","dateModified":"2025-06-04T13:23:15+00:00","description":"Cucine moderne, di design ed innovative fatte per durare generazioni, impermeabili alle\u00a0tendenze, senza tempo.","breadcrumb":{"@id":"https:\/\/www.valcucine.com\/de\/sortiment\/#breadcrumb"},"inLanguage":"de","potentialAction":[{"@type":"ReadAction","target":["https:\/\/www.valcucine.com\/de\/sortiment\/"]}]},{"@type":"BreadcrumbList","@id":"https:\/\/www.valcucine.com\/de\/sortiment\/#breadcrumb","itemListElement":[{"@type":"ListItem","position":1,"name":"Valcucine","item":"https:\/\/www.valcucine.com\/de\/"},{"@type":"ListItem","position":2,"name":"Kollektionen"}]},{"@type":"WebSite","@id":"https:\/\/www.valcucine.com\/#website","url":"https:\/\/www.valcucine.com\/","name":"Valcucine","description":"","publisher":{"@id":"https:\/\/www.valcucine.com\/#organization"},"potentialAction":[{"@type":"SearchAction","target":{"@type":"EntryPoint","urlTemplate":"https:\/\/www.valcucine.com\/?s={search_term_string}"},"query-input":{"@type":"PropertyValueSpecification","valueRequired":true,"valueName":"search_term_string"}}],"inLanguage":"de"},{"@type":"Organization","@id":"https:\/\/www.valcucine.com\/#organization","name":"Valcucine","url":"https:\/\/www.valcucine.com\/","logo":{"@type":"ImageObject","inLanguage":"de","@id":"https:\/\/www.valcucine.com\/#\/schema\/logo\/image\/","url":"https:\/\/www.valcucine.com\/wp-content\/uploads\/2024\/02\/logo-valcucine.webp?wsr","contentUrl":"https:\/\/www.valcucine.com\/wp-content\/uploads\/2024\/02\/logo-valcucine.webp?wsr","width":288,"height":46,"caption":"Valcucine"},"image":{"@id":"https:\/\/www.valcucine.com\/#\/schema\/logo\/image\/"},"sameAs":["https:\/\/www.facebook.com\/valcucine\/","https:\/\/www.instagram.com\/valcucine\/","https:\/\/www.linkedin.com\/company\/valcucine"]}]}},"_links":{"self":[{"href":"https:\/\/www.valcucine.com\/de\/wp-json\/wp\/v2\/pages\/21287","targetHints":{"allow":["GET"]}}],"collection":[{"href":"https:\/\/www.valcucine.com\/de\/wp-json\/wp\/v2\/pages"}],"about":[{"href":"https:\/\/www.valcucine.com\/de\/wp-json\/wp\/v2\/types\/page"}],"author":[{"embeddable":true,"href":"https:\/\/www.valcucine.com\/de\/wp-json\/wp\/v2\/users\/1"}],"replies":[{"embeddable":true,"href":"https:\/\/www.valcucine.com\/de\/wp-json\/wp\/v2\/comments?post=21287"}],"version-history":[{"count":9,"href":"https:\/\/www.valcucine.com\/de\/wp-json\/wp\/v2\/pages\/21287\/revisions"}],"predecessor-version":[{"id":42235,"href":"https:\/\/www.valcucine.com\/de\/wp-json\/wp\/v2\/pages\/21287\/revisions\/42235"}],"wp:attachment":[{"href":"https:\/\/www.valcucine.com\/de\/wp-json\/wp\/v2\/media?parent=21287"}],"curies":[{"name":"wp","href":"https:\/\/api.w.org\/{rel}","templated":true}]}}

<div class="wpb-content-wrapper"><p>[vc_row css=&#8220;.vc_custom_1709739912507{padding-top: 40px !important;padding-bottom: 40px !important;}&#8220;][vc_column]
        
        <h1 class="text-center  main__title__h1  " style="color:#333333;"> 

         Kollektionen
        
        </h1>[/vc_column][/vc_row][vc_row][vc_column][vc_column_text]Jede unserer Kollektionen wird um den Menschen herum entworfen und entwickelt. Alles dreht sich um sein Wohlbefinden und seine Bedürfnisse. Auf diese Weise entstehen Produkte, die ihren Teil dazu beitragen, das tägliche Leben zu genießen. Moderne und innovative Design-Küchen, die für Generationen gemacht sind. Zeitlos und unbeeinflusst von modischen Strömungen.[/vc_column_text][/vc_column][/vc_row][vc_row][vc_column][vc_separator color=&#8220;custom&#8220; el_width=&#8220;10&#8243; accent_color=&#8220;#666666&#8243;][/vc_column][/vc_row][vc_row][vc_column width=&#8220;1/2&#8243;]<div class="block__img__hover"><a href="https://www.valcucine.com/de/sortiment/artematica/" target="" rel="" style="background-image:url(https://www.valcucine.com/wp-content/uploads/2024/03/3_icona-artematica.webp?wsr)"><img src='https://www.valcucine.com/wp-content/uploads/2024/03/3_icona-artematica.webp?wsr' alt='' style='display:none'><h4>Artematica</h4></a></div>[/vc_column][vc_column width=&#8220;1/2&#8243;]<div class="block__img__hover"><a href="https://www.valcucine.com/de/sortiment/artematica-vitrum-soft-outline/" target="" rel="" style="background-image:url(https://www.valcucine.com/wp-content/uploads/2024/03/359_icona-artematica-soft-outline.webp?wsr)"><img src='https://www.valcucine.com/wp-content/uploads/2024/03/359_icona-artematica-soft-outline.webp?wsr' alt='' style='display:none'><h4>Artematica Soft Outline</h4></a></div>[/vc_column][/vc_row][vc_row][vc_column width=&#8220;1/2&#8243;]<div class="block__img__hover"><a href="https://www.valcucine.com/de/sortiment/die-neue-riciclantica/" target="" rel="" style="background-image:url(https://www.valcucine.com/wp-content/uploads/2024/03/437_icona-riciclantica.webp?wsr)"><img src='https://www.valcucine.com/wp-content/uploads/2024/03/437_icona-riciclantica.webp?wsr' alt='' style='display:none'><h4>Riciclantica</h4></a></div>[/vc_column][vc_column width=&#8220;1/2&#8243;]<div class="block__img__hover"><a href="https://www.valcucine.com/de/sortiment/riciclantica-laminato-outline/" target="" rel="" style="background-image:url(https://www.valcucine.com/wp-content/uploads/2024/03/360_icona-riciclantica-outline.webp?wsr)"><img src='https://www.valcucine.com/wp-content/uploads/2024/03/360_icona-riciclantica-outline.webp?wsr' alt='' style='display:none'><h4>Riciclantica Outline</h4></a></div>[/vc_column][/vc_row][vc_row][vc_column width=&#8220;1/2&#8243;]<div class="block__img__hover"><a href="https://www.valcucine.com/de/sortiment/forma-mentis/" target="" rel="" style="background-image:url(https://www.valcucine.com/wp-content/uploads/2024/03/46_icona-forma-mentis.webp?wsr)"><img src='https://www.valcucine.com/wp-content/uploads/2024/03/46_icona-forma-mentis.webp?wsr' alt='icona-forma-mentis' style='display:none'><h4>Forma Mentis</h4></a></div>[/vc_column][vc_column width=&#8220;1/2&#8243;]<div class="block__img__hover"><a href="https://www.valcucine.com/de/sortiment/archigraphica/" target="" rel="" style="background-image:url(https://www.valcucine.com/wp-content/uploads/2024/12/ICONA-ARCHIGRAPHICA-4.jpg?wsr)"><img src='https://www.valcucine.com/wp-content/uploads/2024/12/ICONA-ARCHIGRAPHICA-4.jpg?wsr' alt='Discover Archigraphica: innovative wooden kitchen designs blending creativity, functionality, and modern elegance.' style='display:none'><h4>Archigraphica</h4></a></div>[/vc_column][/vc_row][vc_row][vc_column width=&#8220;1/2&#8243;]<div class="block__img__hover"><a href="https://www.valcucine.com/de/sortiment/genius-loci/" target="" rel="" style="background-image:url(https://www.valcucine.com/wp-content/uploads/2024/03/5_icona-genius-loci.webp?wsr)"><img src='https://www.valcucine.com/wp-content/uploads/2024/03/5_icona-genius-loci.webp?wsr' alt='' style='display:none'><h4>Genius Loci</h4></a></div>[/vc_column][/vc_row]</p>
</div>

<p>[vc_row css=&#8220;.vc_custom_1709739912507{padding-top: 40px !important;padding-bottom: 40px !important;}&#8220;][vc_column][/vc_column][/vc_row][vc_row][vc_column][vc_column_text]Jede unserer Kollektionen wird um den Menschen herum entworfen und entwickelt. Alles dreht sich um sein Wohlbefinden und seine Bedürfnisse. Auf diese Weise entstehen Produkte, die ihren Teil dazu beitragen, das tägliche Leben zu genießen. Moderne und innovative Design-Küchen, die für Generationen gemacht sind. Zeitlos und unbeeinflusst von modischen Strömungen.[/vc_column_text][/vc_column][/vc_row][vc_row][vc_column][vc_separator [&hellip;]</p>

<!-- This site is optimized with the Yoast SEO plugin v26.2 - https://yoast.com/wordpress/plugins/seo/ -->
<title>Kollektionen - Valcucine</title>
<meta name="description" content="Cucine moderne, di design ed innovative fatte per durare generazioni, impermeabili alle tendenze, senza tempo." />
<meta name="robots" content="index, follow, max-snippet:-1, max-image-preview:large, max-video-preview:-1" />
<link rel="canonical" href="https://www.valcucine.com/de/sortiment/" />
<meta property="og:locale" content="de_DE" />
<meta property="og:type" content="article" />
<meta property="og:title" content="Kollektionen - Valcucine" />
<meta property="og:description" content="Cucine moderne, di design ed innovative fatte per durare generazioni, impermeabili alle tendenze, senza tempo." />
<meta property="og:url" content="https://www.valcucine.com/de/sortiment/" />
<meta property="og:site_name" content="Valcucine" />
<meta property="article:publisher" content="https://www.facebook.com/valcucine/" />
<meta property="article:modified_time" content="2025-06-04T13:23:15+00:00" />
<meta name="twitter:card" content="summary_large_image" />
<meta name="twitter:label1" content="Geschätzte Lesezeit" />
	<meta name="twitter:data1" content="1 Minute" />
<script type="application/ld+json" class="yoast-schema-graph">{"@context":"https://schema.org","@graph":[{"@type":"WebPage","@id":"https://www.valcucine.com/de/sortiment/","url":"https://www.valcucine.com/de/sortiment/","name":"Kollektionen - Valcucine","isPartOf":{"@id":"https://www.valcucine.com/#website"},"datePublished":"2024-01-30T14:05:04+00:00","dateModified":"2025-06-04T13:23:15+00:00","description":"Cucine moderne, di design ed innovative fatte per durare generazioni, impermeabili alle tendenze, senza tempo.","breadcrumb":{"@id":"https://www.valcucine.com/de/sortiment/#breadcrumb"},"inLanguage":"de","potentialAction":[{"@type":"ReadAction","target":["https://www.valcucine.com/de/sortiment/"]}]},{"@type":"BreadcrumbList","@id":"https://www.valcucine.com/de/sortiment/#breadcrumb","itemListElement":[{"@type":"ListItem","position":1,"name":"Valcucine","item":"https://www.valcucine.com/de/"},{"@type":"ListItem","position":2,"name":"Kollektionen"}]},{"@type":"WebSite","@id":"https://www.valcucine.com/#website","url":"https://www.valcucine.com/","name":"Valcucine","description":"","publisher":{"@id":"https://www.valcucine.com/#organization"},"potentialAction":[{"@type":"SearchAction","target":{"@type":"EntryPoint","urlTemplate":"https://www.valcucine.com/?s={search_term_string}"},"query-input":{"@type":"PropertyValueSpecification","valueRequired":true,"valueName":"search_term_string"}}],"inLanguage":"de"},{"@type":"Organization","@id":"https://www.valcucine.com/#organization","name":"Valcucine","url":"https://www.valcucine.com/","logo":{"@type":"ImageObject","inLanguage":"de","@id":"https://www.valcucine.com/#/schema/logo/image/","url":"https://www.valcucine.com/wp-content/uploads/2024/02/logo-valcucine.webp?wsr","contentUrl":"https://www.valcucine.com/wp-content/uploads/2024/02/logo-valcucine.webp?wsr","width":288,"height":46,"caption":"Valcucine"},"image":{"@id":"https://www.valcucine.com/#/schema/logo/image/"},"sameAs":["https://www.facebook.com/valcucine/","https://www.instagram.com/valcucine/","https://www.linkedin.com/company/valcucine"]}]}</script>
<!-- / Yoast SEO plugin. -->
