{"id":21549,"date":"2024-08-20T11:59:37","date_gmt":"2024-08-20T11:59:37","guid":{"rendered":"https:\/\/devel.valcucine.com\/spezielle-eigenschaften\/tische\/tavolo-connexus\/"},"modified":"2024-08-29T10:16:37","modified_gmt":"2024-08-29T10:16:37","slug":"tisch-connexus","status":"publish","type":"page","link":"https:\/\/www.valcucine.com\/de\/spezielle-eigenschaften\/tische\/tisch-connexus\/","title":{"rendered":"Tisch Connexus"},"content":{"rendered":"<div class=\"wpb-content-wrapper\"><p>[vc_row][vc_column]\n\t\t\t<!-- START TAVOLO CONNEXUS REVOLUTION SLIDER 6.7.38 --><p class=\"rs-p-wp-fix\"><\/p>\n\t\t\t<rs-module-wrap id=\"rev_slider_217_1_wrapper\" data-source=\"gallery\" style=\"visibility:hidden;background:transparent;padding:0;margin:0px auto;margin-top:0;margin-bottom:0;\">\n\t\t\t\t<rs-module id=\"rev_slider_217_1\" style=\"\" data-version=\"6.7.38\">\n\t\t\t\t\t<rs-slides style=\"overflow: hidden; position: absolute;\">\n\t\t\t\t\t\t<rs-slide style=\"position: absolute;\" data-key=\"rs-1013\" data-title=\"Slide\" data-in=\"o:0;\" data-out=\"a:false;\">\n\t\t\t\t\t\t\t<img decoding=\"async\" src=\"\/\/www.valcucine.com\/wp-content\/plugins\/revslider\/sr6\/assets\/assets\/dummy.png\" alt=\"CONNEXUS TABLE\" title=\"CONNEXUS TABLE\" width=\"1000\" height=\"701\" class=\"rev-slidebg tp-rs-img rs-lazyload\" data-lazyload=\"\/\/www.valcucine.com\/wp-content\/uploads\/2024\/08\/CONNEXUS-TABLE-scaled.jpg\" data-no-retina>\n<!---->\t\t\t\t\t<\/rs-slide>\n\t\t\t\t\t<\/rs-slides>\n\t\t\t\t<\/rs-module>\n\t\t\t\t<script>\n\t\t\t\t\tsetREVStartSize({c: 'rev_slider_217_1',rl:[1240,1024,778,480],el:[900],gw:[1240],gh:[900],type:'standard',justify:'',layout:'fullwidth',mh:\"0\"});if (window.RS_MODULES!==undefined && window.RS_MODULES.modules!==undefined && window.RS_MODULES.modules[\"revslider2171\"]!==undefined) {window.RS_MODULES.modules[\"revslider2171\"].once = false;window.revapi217 = undefined;if (window.RS_MODULES.checkMinimal!==undefined) window.RS_MODULES.checkMinimal()}\n\t\t\t\t<\/script>\n\t\t\t<\/rs-module-wrap>\n\t\t\t<!-- END REVOLUTION SLIDER -->\n[\/vc_column][\/vc_row][vc_row][vc_column]\n        \n        <h1 class=\"text-center  main__title__h1  vc_custom_1724926565964 \" style=\"color:#333333;\"> \n\n         Tisch Connexus\n        \n        <\/h1>[\/vc_column][\/vc_row][vc_row][vc_column][vc_column_text]<\/p>\n<div class=\"text\">\n<p style=\"text-align: justify;\">Inspiriert von einem modernen Lebensstil, f\u00fcgt sich der Tisch Connexus in die K\u00fcche ein und wird ein integraler Bestandteil der K\u00fccheneinrichtung.<br \/>\nArbeits- und Aufenthaltsbereich gehen in perfekter Harmonie von Linien und Formen ineinander \u00fcber.<\/p>\n<p>Die 6 oder 8 cm starke Tischplatte definiert sowohl die Linienf\u00fchrung des Tisches als auch sein Volumen und bezieht sich ausdr\u00fccklich auf die Valcucine-Proportionen.<\/p>\n<p>Die Leichtigkeit ist die Inspirationsquelle aller Elemente des Tisches. Sie wird insbesondere beim Tischbein aus schwarzem Edelstahl sichtbar, das die Tischplatte tr\u00e4gt und maximale Stabilit\u00e4t garantiert. Alternativ kann die Platte bis zum Boden gef\u00fchrt werden. So entsteht eine L-Form mit einem auf das Essentielle beschr\u00e4nkten Design.<\/p>\n<\/div>\n<p>[\/vc_column_text][\/vc_column][\/vc_row]<\/p>\n<\/div>","protected":false},"excerpt":{"rendered":"<p>[vc_row][vc_column][\/vc_column][\/vc_row][vc_row][vc_column][\/vc_column][\/vc_row][vc_row][vc_column][vc_column_text] Inspiriert von einem modernen Lebensstil, f\u00fcgt sich der Tisch Connexus in die K\u00fcche ein und wird ein integraler Bestandteil der K\u00fccheneinrichtung. Arbeits- und Aufenthaltsbereich gehen in perfekter Harmonie von Linien und Formen ineinander \u00fcber. Die 6 oder 8 cm starke Tischplatte definiert sowohl die Linienf\u00fchrung des Tisches als auch sein Volumen und bezieht sich [&hellip;]<\/p>\n","protected":false},"author":2,"featured_media":0,"parent":21538,"menu_order":0,"comment_status":"closed","ping_status":"closed","template":"","meta":{"footnotes":""},"class_list":["post-21549","page","type-page","status-publish","hentry"],"yoast_head":"<!-- This site is optimized with the Yoast SEO plugin v26.2 - https:\/\/yoast.com\/wordpress\/plugins\/seo\/ -->\n<title>Tisch Connexus - Valcucine<\/title>\n<meta name=\"robots\" content=\"index, follow, max-snippet:-1, max-image-preview:large, max-video-preview:-1\" \/>\n<link rel=\"canonical\" href=\"https:\/\/www.valcucine.com\/de\/spezielle-eigenschaften\/tische\/tisch-connexus\/\" \/>\n<meta property=\"og:locale\" content=\"de_DE\" \/>\n<meta property=\"og:type\" content=\"article\" \/>\n<meta property=\"og:title\" content=\"Tisch Connexus - Valcucine\" \/>\n<meta property=\"og:description\" content=\"[vc_row][vc_column][\/vc_column][\/vc_row][vc_row][vc_column][\/vc_column][\/vc_row][vc_row][vc_column][vc_column_text] Inspiriert von einem modernen Lebensstil, f\u00fcgt sich der Tisch Connexus in die K\u00fcche ein und wird ein integraler Bestandteil der K\u00fccheneinrichtung. Arbeits- und Aufenthaltsbereich gehen in perfekter Harmonie von Linien und Formen ineinander \u00fcber. Die 6 oder 8 cm starke Tischplatte definiert sowohl die Linienf\u00fchrung des Tisches als auch sein Volumen und bezieht sich [&hellip;]\" \/>\n<meta property=\"og:url\" content=\"https:\/\/www.valcucine.com\/de\/spezielle-eigenschaften\/tische\/tisch-connexus\/\" \/>\n<meta property=\"og:site_name\" content=\"Valcucine\" \/>\n<meta property=\"article:publisher\" content=\"https:\/\/www.facebook.com\/valcucine\/\" \/>\n<meta property=\"article:modified_time\" content=\"2024-08-29T10:16:37+00:00\" \/>\n<meta name=\"twitter:card\" content=\"summary_large_image\" \/>\n<meta name=\"twitter:label1\" content=\"Gesch\u00e4tzte Lesezeit\" \/>\n\t<meta name=\"twitter:data1\" content=\"1\u00a0Minute\" \/>\n<script type=\"application\/ld+json\" class=\"yoast-schema-graph\">{\"@context\":\"https:\/\/schema.org\",\"@graph\":[{\"@type\":\"WebPage\",\"@id\":\"https:\/\/www.valcucine.com\/de\/spezielle-eigenschaften\/tische\/tisch-connexus\/\",\"url\":\"https:\/\/www.valcucine.com\/de\/spezielle-eigenschaften\/tische\/tisch-connexus\/\",\"name\":\"Tisch Connexus - Valcucine\",\"isPartOf\":{\"@id\":\"https:\/\/www.valcucine.com\/#website\"},\"datePublished\":\"2024-08-20T11:59:37+00:00\",\"dateModified\":\"2024-08-29T10:16:37+00:00\",\"breadcrumb\":{\"@id\":\"https:\/\/www.valcucine.com\/de\/spezielle-eigenschaften\/tische\/tisch-connexus\/#breadcrumb\"},\"inLanguage\":\"de\",\"potentialAction\":[{\"@type\":\"ReadAction\",\"target\":[\"https:\/\/www.valcucine.com\/de\/spezielle-eigenschaften\/tische\/tisch-connexus\/\"]}]},{\"@type\":\"BreadcrumbList\",\"@id\":\"https:\/\/www.valcucine.com\/de\/spezielle-eigenschaften\/tische\/tisch-connexus\/#breadcrumb\",\"itemListElement\":[{\"@type\":\"ListItem\",\"position\":1,\"name\":\"Valcucine\",\"item\":\"https:\/\/www.valcucine.com\/de\/\"},{\"@type\":\"ListItem\",\"position\":2,\"name\":\"Spezialelemente\",\"item\":\"https:\/\/www.valcucine.com\/de\/spezielle-eigenschaften\/\"},{\"@type\":\"ListItem\",\"position\":3,\"name\":\"Tische\",\"item\":\"https:\/\/www.valcucine.com\/de\/spezielle-eigenschaften\/tische\/\"},{\"@type\":\"ListItem\",\"position\":4,\"name\":\"Tisch Connexus\"}]},{\"@type\":\"WebSite\",\"@id\":\"https:\/\/www.valcucine.com\/#website\",\"url\":\"https:\/\/www.valcucine.com\/\",\"name\":\"Valcucine\",\"description\":\"\",\"publisher\":{\"@id\":\"https:\/\/www.valcucine.com\/#organization\"},\"potentialAction\":[{\"@type\":\"SearchAction\",\"target\":{\"@type\":\"EntryPoint\",\"urlTemplate\":\"https:\/\/www.valcucine.com\/?s={search_term_string}\"},\"query-input\":{\"@type\":\"PropertyValueSpecification\",\"valueRequired\":true,\"valueName\":\"search_term_string\"}}],\"inLanguage\":\"de\"},{\"@type\":\"Organization\",\"@id\":\"https:\/\/www.valcucine.com\/#organization\",\"name\":\"Valcucine\",\"url\":\"https:\/\/www.valcucine.com\/\",\"logo\":{\"@type\":\"ImageObject\",\"inLanguage\":\"de\",\"@id\":\"https:\/\/www.valcucine.com\/#\/schema\/logo\/image\/\",\"url\":\"https:\/\/www.valcucine.com\/wp-content\/uploads\/2024\/02\/logo-valcucine.webp?wsr\",\"contentUrl\":\"https:\/\/www.valcucine.com\/wp-content\/uploads\/2024\/02\/logo-valcucine.webp?wsr\",\"width\":288,\"height\":46,\"caption\":\"Valcucine\"},\"image\":{\"@id\":\"https:\/\/www.valcucine.com\/#\/schema\/logo\/image\/\"},\"sameAs\":[\"https:\/\/www.facebook.com\/valcucine\/\",\"https:\/\/www.instagram.com\/valcucine\/\",\"https:\/\/www.linkedin.com\/company\/valcucine\"]}]}<\/script>\n<!-- \/ Yoast SEO plugin. -->","yoast_head_json":{"title":"Tisch Connexus - Valcucine","robots":{"index":"index","follow":"follow","max-snippet":"max-snippet:-1","max-image-preview":"max-image-preview:large","max-video-preview":"max-video-preview:-1"},"canonical":"https:\/\/www.valcucine.com\/de\/spezielle-eigenschaften\/tische\/tisch-connexus\/","og_locale":"de_DE","og_type":"article","og_title":"Tisch Connexus - Valcucine","og_description":"[vc_row][vc_column][\/vc_column][\/vc_row][vc_row][vc_column][\/vc_column][\/vc_row][vc_row][vc_column][vc_column_text] Inspiriert von einem modernen Lebensstil, f\u00fcgt sich der Tisch Connexus in die K\u00fcche ein und wird ein integraler Bestandteil der K\u00fccheneinrichtung. Arbeits- und Aufenthaltsbereich gehen in perfekter Harmonie von Linien und Formen ineinander \u00fcber. Die 6 oder 8 cm starke Tischplatte definiert sowohl die Linienf\u00fchrung des Tisches als auch sein Volumen und bezieht sich [&hellip;]","og_url":"https:\/\/www.valcucine.com\/de\/spezielle-eigenschaften\/tische\/tisch-connexus\/","og_site_name":"Valcucine","article_publisher":"https:\/\/www.facebook.com\/valcucine\/","article_modified_time":"2024-08-29T10:16:37+00:00","twitter_card":"summary_large_image","twitter_misc":{"Gesch\u00e4tzte Lesezeit":"1\u00a0Minute"},"schema":{"@context":"https:\/\/schema.org","@graph":[{"@type":"WebPage","@id":"https:\/\/www.valcucine.com\/de\/spezielle-eigenschaften\/tische\/tisch-connexus\/","url":"https:\/\/www.valcucine.com\/de\/spezielle-eigenschaften\/tische\/tisch-connexus\/","name":"Tisch Connexus - Valcucine","isPartOf":{"@id":"https:\/\/www.valcucine.com\/#website"},"datePublished":"2024-08-20T11:59:37+00:00","dateModified":"2024-08-29T10:16:37+00:00","breadcrumb":{"@id":"https:\/\/www.valcucine.com\/de\/spezielle-eigenschaften\/tische\/tisch-connexus\/#breadcrumb"},"inLanguage":"de","potentialAction":[{"@type":"ReadAction","target":["https:\/\/www.valcucine.com\/de\/spezielle-eigenschaften\/tische\/tisch-connexus\/"]}]},{"@type":"BreadcrumbList","@id":"https:\/\/www.valcucine.com\/de\/spezielle-eigenschaften\/tische\/tisch-connexus\/#breadcrumb","itemListElement":[{"@type":"ListItem","position":1,"name":"Valcucine","item":"https:\/\/www.valcucine.com\/de\/"},{"@type":"ListItem","position":2,"name":"Spezialelemente","item":"https:\/\/www.valcucine.com\/de\/spezielle-eigenschaften\/"},{"@type":"ListItem","position":3,"name":"Tische","item":"https:\/\/www.valcucine.com\/de\/spezielle-eigenschaften\/tische\/"},{"@type":"ListItem","position":4,"name":"Tisch Connexus"}]},{"@type":"WebSite","@id":"https:\/\/www.valcucine.com\/#website","url":"https:\/\/www.valcucine.com\/","name":"Valcucine","description":"","publisher":{"@id":"https:\/\/www.valcucine.com\/#organization"},"potentialAction":[{"@type":"SearchAction","target":{"@type":"EntryPoint","urlTemplate":"https:\/\/www.valcucine.com\/?s={search_term_string}"},"query-input":{"@type":"PropertyValueSpecification","valueRequired":true,"valueName":"search_term_string"}}],"inLanguage":"de"},{"@type":"Organization","@id":"https:\/\/www.valcucine.com\/#organization","name":"Valcucine","url":"https:\/\/www.valcucine.com\/","logo":{"@type":"ImageObject","inLanguage":"de","@id":"https:\/\/www.valcucine.com\/#\/schema\/logo\/image\/","url":"https:\/\/www.valcucine.com\/wp-content\/uploads\/2024\/02\/logo-valcucine.webp?wsr","contentUrl":"https:\/\/www.valcucine.com\/wp-content\/uploads\/2024\/02\/logo-valcucine.webp?wsr","width":288,"height":46,"caption":"Valcucine"},"image":{"@id":"https:\/\/www.valcucine.com\/#\/schema\/logo\/image\/"},"sameAs":["https:\/\/www.facebook.com\/valcucine\/","https:\/\/www.instagram.com\/valcucine\/","https:\/\/www.linkedin.com\/company\/valcucine"]}]}},"_links":{"self":[{"href":"https:\/\/www.valcucine.com\/de\/wp-json\/wp\/v2\/pages\/21549","targetHints":{"allow":["GET"]}}],"collection":[{"href":"https:\/\/www.valcucine.com\/de\/wp-json\/wp\/v2\/pages"}],"about":[{"href":"https:\/\/www.valcucine.com\/de\/wp-json\/wp\/v2\/types\/page"}],"author":[{"embeddable":true,"href":"https:\/\/www.valcucine.com\/de\/wp-json\/wp\/v2\/users\/2"}],"replies":[{"embeddable":true,"href":"https:\/\/www.valcucine.com\/de\/wp-json\/wp\/v2\/comments?post=21549"}],"version-history":[{"count":2,"href":"https:\/\/www.valcucine.com\/de\/wp-json\/wp\/v2\/pages\/21549\/revisions"}],"predecessor-version":[{"id":21552,"href":"https:\/\/www.valcucine.com\/de\/wp-json\/wp\/v2\/pages\/21549\/revisions\/21552"}],"up":[{"embeddable":true,"href":"https:\/\/www.valcucine.com\/de\/wp-json\/wp\/v2\/pages\/21538"}],"wp:attachment":[{"href":"https:\/\/www.valcucine.com\/de\/wp-json\/wp\/v2\/media?parent=21549"}],"curies":[{"name":"wp","href":"https:\/\/api.w.org\/{rel}","templated":true}]}}

<div class="wpb-content-wrapper"><p>[vc_row][vc_column]
			<!-- START TAVOLO CONNEXUS REVOLUTION SLIDER 6.7.38 --><p class="rs-p-wp-fix"></p>
			<rs-module-wrap id="rev_slider_217_1_wrapper" data-source="gallery" style="visibility:hidden;background:transparent;padding:0;margin:0px auto;margin-top:0;margin-bottom:0;">
				<rs-module id="rev_slider_217_1" style="" data-version="6.7.38">
					<rs-slides style="overflow: hidden; position: absolute;">
						<rs-slide style="position: absolute;" data-key="rs-1013" data-title="Slide" data-in="o:0;" data-out="a:false;">
							<img decoding="async" src="//www.valcucine.com/wp-content/plugins/revslider/sr6/assets/assets/dummy.png" alt="CONNEXUS TABLE" title="CONNEXUS TABLE" width="1000" height="701" class="rev-slidebg tp-rs-img rs-lazyload" data-lazyload="//www.valcucine.com/wp-content/uploads/2024/08/CONNEXUS-TABLE-scaled.jpg" data-no-retina>
<!---->					</rs-slide>
					</rs-slides>
				</rs-module>
				<script>
					setREVStartSize({c: 'rev_slider_217_1',rl:[1240,1024,778,480],el:[900],gw:[1240],gh:[900],type:'standard',justify:'',layout:'fullwidth',mh:"0"});if (window.RS_MODULES!==undefined && window.RS_MODULES.modules!==undefined && window.RS_MODULES.modules["revslider2171"]!==undefined) {window.RS_MODULES.modules["revslider2171"].once = false;window.revapi217 = undefined;if (window.RS_MODULES.checkMinimal!==undefined) window.RS_MODULES.checkMinimal()}
				</script>
			</rs-module-wrap>
			<!-- END REVOLUTION SLIDER -->
[/vc_column][/vc_row][vc_row][vc_column]
        
        <h1 class="text-center  main__title__h1  vc_custom_1724926565964 " style="color:#333333;"> 

         Tisch Connexus
        
        </h1>[/vc_column][/vc_row][vc_row][vc_column][vc_column_text]</p>
<div class="text">
<p style="text-align: justify;">Inspiriert von einem modernen Lebensstil, fügt sich der Tisch Connexus in die Küche ein und wird ein integraler Bestandteil der Kücheneinrichtung.<br />
Arbeits- und Aufenthaltsbereich gehen in perfekter Harmonie von Linien und Formen ineinander über.</p>
<p>Die 6 oder 8 cm starke Tischplatte definiert sowohl die Linienführung des Tisches als auch sein Volumen und bezieht sich ausdrücklich auf die Valcucine-Proportionen.</p>
<p>Die Leichtigkeit ist die Inspirationsquelle aller Elemente des Tisches. Sie wird insbesondere beim Tischbein aus schwarzem Edelstahl sichtbar, das die Tischplatte trägt und maximale Stabilität garantiert. Alternativ kann die Platte bis zum Boden geführt werden. So entsteht eine L-Form mit einem auf das Essentielle beschränkten Design.</p>
</div>
<p>[/vc_column_text][/vc_column][/vc_row]</p>
</div>

<p>[vc_row][vc_column][/vc_column][/vc_row][vc_row][vc_column][/vc_column][/vc_row][vc_row][vc_column][vc_column_text] Inspiriert von einem modernen Lebensstil, fügt sich der Tisch Connexus in die Küche ein und wird ein integraler Bestandteil der Kücheneinrichtung. Arbeits- und Aufenthaltsbereich gehen in perfekter Harmonie von Linien und Formen ineinander über. Die 6 oder 8 cm starke Tischplatte definiert sowohl die Linienführung des Tisches als auch sein Volumen und bezieht sich [&hellip;]</p>

<!-- This site is optimized with the Yoast SEO plugin v26.2 - https://yoast.com/wordpress/plugins/seo/ -->
<title>Tisch Connexus - Valcucine</title>
<meta name="robots" content="index, follow, max-snippet:-1, max-image-preview:large, max-video-preview:-1" />
<link rel="canonical" href="https://www.valcucine.com/de/spezielle-eigenschaften/tische/tisch-connexus/" />
<meta property="og:locale" content="de_DE" />
<meta property="og:type" content="article" />
<meta property="og:title" content="Tisch Connexus - Valcucine" />
<meta property="og:description" content="[vc_row][vc_column][/vc_column][/vc_row][vc_row][vc_column][/vc_column][/vc_row][vc_row][vc_column][vc_column_text] Inspiriert von einem modernen Lebensstil, fügt sich der Tisch Connexus in die Küche ein und wird ein integraler Bestandteil der Kücheneinrichtung. Arbeits- und Aufenthaltsbereich gehen in perfekter Harmonie von Linien und Formen ineinander über. Die 6 oder 8 cm starke Tischplatte definiert sowohl die Linienführung des Tisches als auch sein Volumen und bezieht sich [&hellip;]" />
<meta property="og:url" content="https://www.valcucine.com/de/spezielle-eigenschaften/tische/tisch-connexus/" />
<meta property="og:site_name" content="Valcucine" />
<meta property="article:publisher" content="https://www.facebook.com/valcucine/" />
<meta property="article:modified_time" content="2024-08-29T10:16:37+00:00" />
<meta name="twitter:card" content="summary_large_image" />
<meta name="twitter:label1" content="Geschätzte Lesezeit" />
	<meta name="twitter:data1" content="1 Minute" />
<script type="application/ld+json" class="yoast-schema-graph">{"@context":"https://schema.org","@graph":[{"@type":"WebPage","@id":"https://www.valcucine.com/de/spezielle-eigenschaften/tische/tisch-connexus/","url":"https://www.valcucine.com/de/spezielle-eigenschaften/tische/tisch-connexus/","name":"Tisch Connexus - Valcucine","isPartOf":{"@id":"https://www.valcucine.com/#website"},"datePublished":"2024-08-20T11:59:37+00:00","dateModified":"2024-08-29T10:16:37+00:00","breadcrumb":{"@id":"https://www.valcucine.com/de/spezielle-eigenschaften/tische/tisch-connexus/#breadcrumb"},"inLanguage":"de","potentialAction":[{"@type":"ReadAction","target":["https://www.valcucine.com/de/spezielle-eigenschaften/tische/tisch-connexus/"]}]},{"@type":"BreadcrumbList","@id":"https://www.valcucine.com/de/spezielle-eigenschaften/tische/tisch-connexus/#breadcrumb","itemListElement":[{"@type":"ListItem","position":1,"name":"Valcucine","item":"https://www.valcucine.com/de/"},{"@type":"ListItem","position":2,"name":"Spezialelemente","item":"https://www.valcucine.com/de/spezielle-eigenschaften/"},{"@type":"ListItem","position":3,"name":"Tische","item":"https://www.valcucine.com/de/spezielle-eigenschaften/tische/"},{"@type":"ListItem","position":4,"name":"Tisch Connexus"}]},{"@type":"WebSite","@id":"https://www.valcucine.com/#website","url":"https://www.valcucine.com/","name":"Valcucine","description":"","publisher":{"@id":"https://www.valcucine.com/#organization"},"potentialAction":[{"@type":"SearchAction","target":{"@type":"EntryPoint","urlTemplate":"https://www.valcucine.com/?s={search_term_string}"},"query-input":{"@type":"PropertyValueSpecification","valueRequired":true,"valueName":"search_term_string"}}],"inLanguage":"de"},{"@type":"Organization","@id":"https://www.valcucine.com/#organization","name":"Valcucine","url":"https://www.valcucine.com/","logo":{"@type":"ImageObject","inLanguage":"de","@id":"https://www.valcucine.com/#/schema/logo/image/","url":"https://www.valcucine.com/wp-content/uploads/2024/02/logo-valcucine.webp?wsr","contentUrl":"https://www.valcucine.com/wp-content/uploads/2024/02/logo-valcucine.webp?wsr","width":288,"height":46,"caption":"Valcucine"},"image":{"@id":"https://www.valcucine.com/#/schema/logo/image/"},"sameAs":["https://www.facebook.com/valcucine/","https://www.instagram.com/valcucine/","https://www.linkedin.com/company/valcucine"]}]}</script>
<!-- / Yoast SEO plugin. -->

[vc_row][vc_column][/vc_column][/vc_row][vc_row][vc_column][/vc_column][/vc_row][vc_row][vc_column][vc_column_text] Inspiriert von einem modernen Lebensstil, fügt sich der Tisch Connexus in die Küche ein und wird ein integraler Bestandteil der Kücheneinrichtung. Arbeits- und Aufenthaltsbereich gehen in perfekter Harmonie von Linien und Formen ineinander über. Die 6 oder 8 cm starke Tischplatte definiert sowohl die Linienführung des Tisches als auch sein Volumen und bezieht sich [&hellip;]
