{"id":15096,"date":"2024-03-15T13:18:39","date_gmt":"2024-03-15T13:18:39","guid":{"rendered":"https:\/\/devel.valcucine.com\/prestaciones-especiales\/scaffalatura-a-parete\/"},"modified":"2024-08-21T09:48:07","modified_gmt":"2024-08-21T09:48:07","slug":"scaffalatura-a-parete","status":"publish","type":"page","link":"https:\/\/www.valcucine.com\/es\/prestaciones-especiales\/estanterias\/scaffalatura-a-parete\/","title":{"rendered":"Estanter\u00eda de pared de aluminio"},"content":{"rendered":"<div class=\"wpb-content-wrapper\"><p>[vc_row][vc_column]\n\t\t\t<!-- START SCAFFALATURA A PARETE IN ACCIAIO REVOLUTION SLIDER 6.7.38 --><p class=\"rs-p-wp-fix\"><\/p>\n\t\t\t<rs-module-wrap id=\"rev_slider_219_1_wrapper\" data-source=\"gallery\" style=\"visibility:hidden;background:transparent;padding:0;margin:0px auto;margin-top:0;margin-bottom:0;\">\n\t\t\t\t<rs-module id=\"rev_slider_219_1\" style=\"\" data-version=\"6.7.38\">\n\t\t\t\t\t<rs-slides style=\"overflow: hidden; position: absolute;\">\n\t\t\t\t\t\t<rs-slide style=\"position: absolute;\" data-key=\"rs-1017\" data-title=\"Slide\" data-in=\"o:0;\" data-out=\"a:false;\">\n\t\t\t\t\t\t\t<img decoding=\"async\" src=\"\/\/www.valcucine.com\/wp-content\/plugins\/revslider\/sr6\/assets\/assets\/dummy.png\" alt=\"SHELVING UNIT IN ALLUMINIUM\" title=\"SHELVING UNIT IN ALLUMINIUM\" width=\"2560\" height=\"1809\" class=\"rev-slidebg tp-rs-img rs-lazyload\" data-lazyload=\"\/\/www.valcucine.com\/wp-content\/uploads\/2024\/08\/SHELVING-UNIT-IN-ALLUMINIUM-scaled.jpg\" data-no-retina>\n<!---->\t\t\t\t\t<\/rs-slide>\n\t\t\t\t\t<\/rs-slides>\n\t\t\t\t<\/rs-module>\n\t\t\t\t<script>\n\t\t\t\t\tsetREVStartSize({c: 'rev_slider_219_1',rl:[1240,1024,778,480],el:[900],gw:[1240],gh:[900],type:'standard',justify:'',layout:'fullwidth',mh:\"0\"});if (window.RS_MODULES!==undefined && window.RS_MODULES.modules!==undefined && window.RS_MODULES.modules[\"revslider2191\"]!==undefined) {window.RS_MODULES.modules[\"revslider2191\"].once = false;window.revapi219 = undefined;if (window.RS_MODULES.checkMinimal!==undefined) window.RS_MODULES.checkMinimal()}\n\t\t\t\t<\/script>\n\t\t\t<\/rs-module-wrap>\n\t\t\t<!-- END REVOLUTION SLIDER -->\n[\/vc_column][\/vc_row][vc_row][vc_column]\n        \n        <h1 class=\"text-center  main__title__h1  vc_custom_1724233617828 \" style=\"color:#333333;\"> \n\n         Estanter\u00eda de pared de aluminio\n        \n        <\/h1>[\/vc_column][\/vc_row][vc_row][vc_column][vc_column_text]Modular seg\u00fan las necesidades, la Estanter\u00eda de pared de aluminio es la soluci\u00f3n ideal para tener a mano los accesorios de uso frecuente y, al mismo tiempo, crear un elemento de decoraci\u00f3n donde exponer los objetos m\u00e1s preciados.<\/p>\n<p>Siguiendo el principio de desmaterializaci\u00f3n, la estructura se compone de montantes verticales de aluminio anodizado negro y de baldas de Vitrum Velato Brillante Tintado, para una refinada combinaci\u00f3n de colores que aporta car\u00e1cter al entorno.<\/p>\n<p>La Estanter\u00eda de pared de aluminio se puede personalizar con una trasera luminosa y con los accesorios interiores espec\u00edficos para organizar el espacio de la mejor manera posible.[\/vc_column_text][\/vc_column][\/vc_row][vc_row css=\u00bb.vc_custom_1709741045295{margin-top: 10px !important;}\u00bb][vc_column width=\u00bb1\/2&#8243;][vc_single_image image=\u00bb6041&#8243; img_size=\u00bbfull\u00bb][\/vc_column][vc_column width=\u00bb1\/2&#8243;]\n        \n        <h3 class=\"text-start  main__title__h3  vc_custom_1717661894130 \" style=\"color:#333333;\"> \n\n         ACCESSORIOS\n        \n        <\/h3>[vc_column_text]La <strong>Estanter\u00eda de pared de aluminio<\/strong>\u00a0se puede equipar con una serie de soluciones espec\u00edficas. Equipar esta zona puede volver m\u00e1s aprovechable la encimera y liberar espacio dentro de cajones y gavetas. Adem\u00e1s de la practicidad de uso, los accesorios se fabrican con especial atenci\u00f3n al aspecto est\u00e9tico y el m\u00e1ximo cuidado de los detalles.[\/vc_column_text][\/vc_column][\/vc_row][vc_row css=\u00bb.vc_custom_1710847249797{margin-bottom: 40px !important;}\u00bb][vc_column][vc_separator color=\u00bbcustom\u00bb el_width=\u00bb10&#8243; accent_color=\u00bb#666666&#8243;][\/vc_column][\/vc_row]<\/p>\n<\/div>","protected":false},"excerpt":{"rendered":"<p>[vc_row][vc_column][\/vc_column][\/vc_row][vc_row][vc_column][\/vc_column][\/vc_row][vc_row][vc_column][vc_column_text]Modular seg\u00fan las necesidades, la Estanter\u00eda de pared de aluminio es la soluci\u00f3n ideal para tener a mano los accesorios de uso frecuente y, al mismo tiempo, crear un elemento de decoraci\u00f3n donde exponer los objetos m\u00e1s preciados. Siguiendo el principio de desmaterializaci\u00f3n, la estructura se compone de montantes verticales de aluminio anodizado negro y [&hellip;]<\/p>\n","protected":false},"author":1,"featured_media":0,"parent":19729,"menu_order":0,"comment_status":"closed","ping_status":"closed","template":"","meta":{"footnotes":""},"class_list":["post-15096","page","type-page","status-publish","hentry"],"yoast_head":"<!-- This site is optimized with the Yoast SEO plugin v26.2 - https:\/\/yoast.com\/wordpress\/plugins\/seo\/ -->\n<title>Estanter\u00eda de pared de aluminio - Valcucine<\/title>\n<meta name=\"robots\" content=\"index, follow, max-snippet:-1, max-image-preview:large, max-video-preview:-1\" \/>\n<link rel=\"canonical\" href=\"https:\/\/www.valcucine.com\/es\/prestaciones-especiales\/estanterias\/scaffalatura-a-parete\/\" \/>\n<meta property=\"og:locale\" content=\"es_ES\" \/>\n<meta property=\"og:type\" content=\"article\" \/>\n<meta property=\"og:title\" content=\"Estanter\u00eda de pared de aluminio - Valcucine\" \/>\n<meta property=\"og:description\" content=\"[vc_row][vc_column][\/vc_column][\/vc_row][vc_row][vc_column][\/vc_column][\/vc_row][vc_row][vc_column][vc_column_text]Modular seg\u00fan las necesidades, la Estanter\u00eda de pared de aluminio es la soluci\u00f3n ideal para tener a mano los accesorios de uso frecuente y, al mismo tiempo, crear un elemento de decoraci\u00f3n donde exponer los objetos m\u00e1s preciados. Siguiendo el principio de desmaterializaci\u00f3n, la estructura se compone de montantes verticales de aluminio anodizado negro y [&hellip;]\" \/>\n<meta property=\"og:url\" content=\"https:\/\/www.valcucine.com\/es\/prestaciones-especiales\/estanterias\/scaffalatura-a-parete\/\" \/>\n<meta property=\"og:site_name\" content=\"Valcucine\" \/>\n<meta property=\"article:publisher\" content=\"https:\/\/www.facebook.com\/valcucine\/\" \/>\n<meta property=\"article:modified_time\" content=\"2024-08-21T09:48:07+00:00\" \/>\n<meta name=\"twitter:card\" content=\"summary_large_image\" \/>\n<meta name=\"twitter:label1\" content=\"Tiempo de lectura\" \/>\n\t<meta name=\"twitter:data1\" content=\"2 minutos\" \/>\n<script type=\"application\/ld+json\" class=\"yoast-schema-graph\">{\"@context\":\"https:\/\/schema.org\",\"@graph\":[{\"@type\":\"WebPage\",\"@id\":\"https:\/\/www.valcucine.com\/es\/prestaciones-especiales\/estanterias\/scaffalatura-a-parete\/\",\"url\":\"https:\/\/www.valcucine.com\/es\/prestaciones-especiales\/estanterias\/scaffalatura-a-parete\/\",\"name\":\"Estanter\u00eda de pared de aluminio - Valcucine\",\"isPartOf\":{\"@id\":\"https:\/\/www.valcucine.com\/#website\"},\"datePublished\":\"2024-03-15T13:18:39+00:00\",\"dateModified\":\"2024-08-21T09:48:07+00:00\",\"breadcrumb\":{\"@id\":\"https:\/\/www.valcucine.com\/es\/prestaciones-especiales\/estanterias\/scaffalatura-a-parete\/#breadcrumb\"},\"inLanguage\":\"es\",\"potentialAction\":[{\"@type\":\"ReadAction\",\"target\":[\"https:\/\/www.valcucine.com\/es\/prestaciones-especiales\/estanterias\/scaffalatura-a-parete\/\"]}]},{\"@type\":\"BreadcrumbList\",\"@id\":\"https:\/\/www.valcucine.com\/es\/prestaciones-especiales\/estanterias\/scaffalatura-a-parete\/#breadcrumb\",\"itemListElement\":[{\"@type\":\"ListItem\",\"position\":1,\"name\":\"Valcucine\",\"item\":\"https:\/\/www.valcucine.com\/es\/\"},{\"@type\":\"ListItem\",\"position\":2,\"name\":\"Elementos Especiales\",\"item\":\"https:\/\/www.valcucine.com\/es\/prestaciones-especiales\/\"},{\"@type\":\"ListItem\",\"position\":3,\"name\":\"Estanter\u00edas\",\"item\":\"https:\/\/www.valcucine.com\/es\/prestaciones-especiales\/estanterias\/\"},{\"@type\":\"ListItem\",\"position\":4,\"name\":\"Estanter\u00eda de pared de aluminio\"}]},{\"@type\":\"WebSite\",\"@id\":\"https:\/\/www.valcucine.com\/#website\",\"url\":\"https:\/\/www.valcucine.com\/\",\"name\":\"Valcucine\",\"description\":\"\",\"publisher\":{\"@id\":\"https:\/\/www.valcucine.com\/#organization\"},\"potentialAction\":[{\"@type\":\"SearchAction\",\"target\":{\"@type\":\"EntryPoint\",\"urlTemplate\":\"https:\/\/www.valcucine.com\/?s={search_term_string}\"},\"query-input\":{\"@type\":\"PropertyValueSpecification\",\"valueRequired\":true,\"valueName\":\"search_term_string\"}}],\"inLanguage\":\"es\"},{\"@type\":\"Organization\",\"@id\":\"https:\/\/www.valcucine.com\/#organization\",\"name\":\"Valcucine\",\"url\":\"https:\/\/www.valcucine.com\/\",\"logo\":{\"@type\":\"ImageObject\",\"inLanguage\":\"es\",\"@id\":\"https:\/\/www.valcucine.com\/#\/schema\/logo\/image\/\",\"url\":\"https:\/\/www.valcucine.com\/wp-content\/uploads\/2024\/02\/logo-valcucine.webp?wsr\",\"contentUrl\":\"https:\/\/www.valcucine.com\/wp-content\/uploads\/2024\/02\/logo-valcucine.webp?wsr\",\"width\":288,\"height\":46,\"caption\":\"Valcucine\"},\"image\":{\"@id\":\"https:\/\/www.valcucine.com\/#\/schema\/logo\/image\/\"},\"sameAs\":[\"https:\/\/www.facebook.com\/valcucine\/\",\"https:\/\/www.instagram.com\/valcucine\/\",\"https:\/\/www.linkedin.com\/company\/valcucine\"]}]}<\/script>\n<!-- \/ Yoast SEO plugin. -->","yoast_head_json":{"title":"Estanter\u00eda de pared de aluminio - Valcucine","robots":{"index":"index","follow":"follow","max-snippet":"max-snippet:-1","max-image-preview":"max-image-preview:large","max-video-preview":"max-video-preview:-1"},"canonical":"https:\/\/www.valcucine.com\/es\/prestaciones-especiales\/estanterias\/scaffalatura-a-parete\/","og_locale":"es_ES","og_type":"article","og_title":"Estanter\u00eda de pared de aluminio - Valcucine","og_description":"[vc_row][vc_column][\/vc_column][\/vc_row][vc_row][vc_column][\/vc_column][\/vc_row][vc_row][vc_column][vc_column_text]Modular seg\u00fan las necesidades, la Estanter\u00eda de pared de aluminio es la soluci\u00f3n ideal para tener a mano los accesorios de uso frecuente y, al mismo tiempo, crear un elemento de decoraci\u00f3n donde exponer los objetos m\u00e1s preciados. Siguiendo el principio de desmaterializaci\u00f3n, la estructura se compone de montantes verticales de aluminio anodizado negro y [&hellip;]","og_url":"https:\/\/www.valcucine.com\/es\/prestaciones-especiales\/estanterias\/scaffalatura-a-parete\/","og_site_name":"Valcucine","article_publisher":"https:\/\/www.facebook.com\/valcucine\/","article_modified_time":"2024-08-21T09:48:07+00:00","twitter_card":"summary_large_image","twitter_misc":{"Tiempo de lectura":"2 minutos"},"schema":{"@context":"https:\/\/schema.org","@graph":[{"@type":"WebPage","@id":"https:\/\/www.valcucine.com\/es\/prestaciones-especiales\/estanterias\/scaffalatura-a-parete\/","url":"https:\/\/www.valcucine.com\/es\/prestaciones-especiales\/estanterias\/scaffalatura-a-parete\/","name":"Estanter\u00eda de pared de aluminio - Valcucine","isPartOf":{"@id":"https:\/\/www.valcucine.com\/#website"},"datePublished":"2024-03-15T13:18:39+00:00","dateModified":"2024-08-21T09:48:07+00:00","breadcrumb":{"@id":"https:\/\/www.valcucine.com\/es\/prestaciones-especiales\/estanterias\/scaffalatura-a-parete\/#breadcrumb"},"inLanguage":"es","potentialAction":[{"@type":"ReadAction","target":["https:\/\/www.valcucine.com\/es\/prestaciones-especiales\/estanterias\/scaffalatura-a-parete\/"]}]},{"@type":"BreadcrumbList","@id":"https:\/\/www.valcucine.com\/es\/prestaciones-especiales\/estanterias\/scaffalatura-a-parete\/#breadcrumb","itemListElement":[{"@type":"ListItem","position":1,"name":"Valcucine","item":"https:\/\/www.valcucine.com\/es\/"},{"@type":"ListItem","position":2,"name":"Elementos Especiales","item":"https:\/\/www.valcucine.com\/es\/prestaciones-especiales\/"},{"@type":"ListItem","position":3,"name":"Estanter\u00edas","item":"https:\/\/www.valcucine.com\/es\/prestaciones-especiales\/estanterias\/"},{"@type":"ListItem","position":4,"name":"Estanter\u00eda de pared de aluminio"}]},{"@type":"WebSite","@id":"https:\/\/www.valcucine.com\/#website","url":"https:\/\/www.valcucine.com\/","name":"Valcucine","description":"","publisher":{"@id":"https:\/\/www.valcucine.com\/#organization"},"potentialAction":[{"@type":"SearchAction","target":{"@type":"EntryPoint","urlTemplate":"https:\/\/www.valcucine.com\/?s={search_term_string}"},"query-input":{"@type":"PropertyValueSpecification","valueRequired":true,"valueName":"search_term_string"}}],"inLanguage":"es"},{"@type":"Organization","@id":"https:\/\/www.valcucine.com\/#organization","name":"Valcucine","url":"https:\/\/www.valcucine.com\/","logo":{"@type":"ImageObject","inLanguage":"es","@id":"https:\/\/www.valcucine.com\/#\/schema\/logo\/image\/","url":"https:\/\/www.valcucine.com\/wp-content\/uploads\/2024\/02\/logo-valcucine.webp?wsr","contentUrl":"https:\/\/www.valcucine.com\/wp-content\/uploads\/2024\/02\/logo-valcucine.webp?wsr","width":288,"height":46,"caption":"Valcucine"},"image":{"@id":"https:\/\/www.valcucine.com\/#\/schema\/logo\/image\/"},"sameAs":["https:\/\/www.facebook.com\/valcucine\/","https:\/\/www.instagram.com\/valcucine\/","https:\/\/www.linkedin.com\/company\/valcucine"]}]}},"_links":{"self":[{"href":"https:\/\/www.valcucine.com\/es\/wp-json\/wp\/v2\/pages\/15096","targetHints":{"allow":["GET"]}}],"collection":[{"href":"https:\/\/www.valcucine.com\/es\/wp-json\/wp\/v2\/pages"}],"about":[{"href":"https:\/\/www.valcucine.com\/es\/wp-json\/wp\/v2\/types\/page"}],"author":[{"embeddable":true,"href":"https:\/\/www.valcucine.com\/es\/wp-json\/wp\/v2\/users\/1"}],"replies":[{"embeddable":true,"href":"https:\/\/www.valcucine.com\/es\/wp-json\/wp\/v2\/comments?post=15096"}],"version-history":[{"count":2,"href":"https:\/\/www.valcucine.com\/es\/wp-json\/wp\/v2\/pages\/15096\/revisions"}],"predecessor-version":[{"id":19744,"href":"https:\/\/www.valcucine.com\/es\/wp-json\/wp\/v2\/pages\/15096\/revisions\/19744"}],"up":[{"embeddable":true,"href":"https:\/\/www.valcucine.com\/es\/wp-json\/wp\/v2\/pages\/19729"}],"wp:attachment":[{"href":"https:\/\/www.valcucine.com\/es\/wp-json\/wp\/v2\/media?parent=15096"}],"curies":[{"name":"wp","href":"https:\/\/api.w.org\/{rel}","templated":true}]}}

Estantería de pared de aluminio

<div class="wpb-content-wrapper"><p>[vc_row][vc_column]
			<!-- START SCAFFALATURA A PARETE IN ACCIAIO REVOLUTION SLIDER 6.7.38 --><p class="rs-p-wp-fix"></p>
			<rs-module-wrap id="rev_slider_219_1_wrapper" data-source="gallery" style="visibility:hidden;background:transparent;padding:0;margin:0px auto;margin-top:0;margin-bottom:0;">
				<rs-module id="rev_slider_219_1" style="" data-version="6.7.38">
					<rs-slides style="overflow: hidden; position: absolute;">
						<rs-slide style="position: absolute;" data-key="rs-1017" data-title="Slide" data-in="o:0;" data-out="a:false;">
							<img decoding="async" src="//www.valcucine.com/wp-content/plugins/revslider/sr6/assets/assets/dummy.png" alt="SHELVING UNIT IN ALLUMINIUM" title="SHELVING UNIT IN ALLUMINIUM" width="2560" height="1809" class="rev-slidebg tp-rs-img rs-lazyload" data-lazyload="//www.valcucine.com/wp-content/uploads/2024/08/SHELVING-UNIT-IN-ALLUMINIUM-scaled.jpg" data-no-retina>
<!---->					</rs-slide>
					</rs-slides>
				</rs-module>
				<script>
					setREVStartSize({c: 'rev_slider_219_1',rl:[1240,1024,778,480],el:[900],gw:[1240],gh:[900],type:'standard',justify:'',layout:'fullwidth',mh:"0"});if (window.RS_MODULES!==undefined && window.RS_MODULES.modules!==undefined && window.RS_MODULES.modules["revslider2191"]!==undefined) {window.RS_MODULES.modules["revslider2191"].once = false;window.revapi219 = undefined;if (window.RS_MODULES.checkMinimal!==undefined) window.RS_MODULES.checkMinimal()}
				</script>
			</rs-module-wrap>
			<!-- END REVOLUTION SLIDER -->
[/vc_column][/vc_row][vc_row][vc_column]
        
        <h1 class="text-center  main__title__h1  vc_custom_1724233617828 " style="color:#333333;"> 

         Estantería de pared de aluminio
        
        </h1>[/vc_column][/vc_row][vc_row][vc_column][vc_column_text]Modular según las necesidades, la Estantería de pared de aluminio es la solución ideal para tener a mano los accesorios de uso frecuente y, al mismo tiempo, crear un elemento de decoración donde exponer los objetos más preciados.</p>
<p>Siguiendo el principio de desmaterialización, la estructura se compone de montantes verticales de aluminio anodizado negro y de baldas de Vitrum Velato Brillante Tintado, para una refinada combinación de colores que aporta carácter al entorno.</p>
<p>La Estantería de pared de aluminio se puede personalizar con una trasera luminosa y con los accesorios interiores específicos para organizar el espacio de la mejor manera posible.[/vc_column_text][/vc_column][/vc_row][vc_row css=».vc_custom_1709741045295{margin-top: 10px !important;}»][vc_column width=»1/2&#8243;][vc_single_image image=»6041&#8243; img_size=»full»][/vc_column][vc_column width=»1/2&#8243;]
        
        <h3 class="text-start  main__title__h3  vc_custom_1717661894130 " style="color:#333333;"> 

         ACCESSORIOS
        
        </h3>[vc_column_text]La <strong>Estantería de pared de aluminio</strong> se puede equipar con una serie de soluciones específicas. Equipar esta zona puede volver más aprovechable la encimera y liberar espacio dentro de cajones y gavetas. Además de la practicidad de uso, los accesorios se fabrican con especial atención al aspecto estético y el máximo cuidado de los detalles.[/vc_column_text][/vc_column][/vc_row][vc_row css=».vc_custom_1710847249797{margin-bottom: 40px !important;}»][vc_column][vc_separator color=»custom» el_width=»10&#8243; accent_color=»#666666&#8243;][/vc_column][/vc_row]</p>
</div>

<p>[vc_row][vc_column][/vc_column][/vc_row][vc_row][vc_column][/vc_column][/vc_row][vc_row][vc_column][vc_column_text]Modular según las necesidades, la Estantería de pared de aluminio es la solución ideal para tener a mano los accesorios de uso frecuente y, al mismo tiempo, crear un elemento de decoración donde exponer los objetos más preciados. Siguiendo el principio de desmaterialización, la estructura se compone de montantes verticales de aluminio anodizado negro y [&hellip;]</p>

<!-- This site is optimized with the Yoast SEO plugin v26.2 - https://yoast.com/wordpress/plugins/seo/ -->
<title>Estantería de pared de aluminio - Valcucine</title>
<meta name="robots" content="index, follow, max-snippet:-1, max-image-preview:large, max-video-preview:-1" />
<link rel="canonical" href="https://www.valcucine.com/es/prestaciones-especiales/estanterias/scaffalatura-a-parete/" />
<meta property="og:locale" content="es_ES" />
<meta property="og:type" content="article" />
<meta property="og:title" content="Estantería de pared de aluminio - Valcucine" />
<meta property="og:description" content="[vc_row][vc_column][/vc_column][/vc_row][vc_row][vc_column][/vc_column][/vc_row][vc_row][vc_column][vc_column_text]Modular según las necesidades, la Estantería de pared de aluminio es la solución ideal para tener a mano los accesorios de uso frecuente y, al mismo tiempo, crear un elemento de decoración donde exponer los objetos más preciados. Siguiendo el principio de desmaterialización, la estructura se compone de montantes verticales de aluminio anodizado negro y [&hellip;]" />
<meta property="og:url" content="https://www.valcucine.com/es/prestaciones-especiales/estanterias/scaffalatura-a-parete/" />
<meta property="og:site_name" content="Valcucine" />
<meta property="article:publisher" content="https://www.facebook.com/valcucine/" />
<meta property="article:modified_time" content="2024-08-21T09:48:07+00:00" />
<meta name="twitter:card" content="summary_large_image" />
<meta name="twitter:label1" content="Tiempo de lectura" />
	<meta name="twitter:data1" content="2 minutos" />
<script type="application/ld+json" class="yoast-schema-graph">{"@context":"https://schema.org","@graph":[{"@type":"WebPage","@id":"https://www.valcucine.com/es/prestaciones-especiales/estanterias/scaffalatura-a-parete/","url":"https://www.valcucine.com/es/prestaciones-especiales/estanterias/scaffalatura-a-parete/","name":"Estantería de pared de aluminio - Valcucine","isPartOf":{"@id":"https://www.valcucine.com/#website"},"datePublished":"2024-03-15T13:18:39+00:00","dateModified":"2024-08-21T09:48:07+00:00","breadcrumb":{"@id":"https://www.valcucine.com/es/prestaciones-especiales/estanterias/scaffalatura-a-parete/#breadcrumb"},"inLanguage":"es","potentialAction":[{"@type":"ReadAction","target":["https://www.valcucine.com/es/prestaciones-especiales/estanterias/scaffalatura-a-parete/"]}]},{"@type":"BreadcrumbList","@id":"https://www.valcucine.com/es/prestaciones-especiales/estanterias/scaffalatura-a-parete/#breadcrumb","itemListElement":[{"@type":"ListItem","position":1,"name":"Valcucine","item":"https://www.valcucine.com/es/"},{"@type":"ListItem","position":2,"name":"Elementos Especiales","item":"https://www.valcucine.com/es/prestaciones-especiales/"},{"@type":"ListItem","position":3,"name":"Estanterías","item":"https://www.valcucine.com/es/prestaciones-especiales/estanterias/"},{"@type":"ListItem","position":4,"name":"Estantería de pared de aluminio"}]},{"@type":"WebSite","@id":"https://www.valcucine.com/#website","url":"https://www.valcucine.com/","name":"Valcucine","description":"","publisher":{"@id":"https://www.valcucine.com/#organization"},"potentialAction":[{"@type":"SearchAction","target":{"@type":"EntryPoint","urlTemplate":"https://www.valcucine.com/?s={search_term_string}"},"query-input":{"@type":"PropertyValueSpecification","valueRequired":true,"valueName":"search_term_string"}}],"inLanguage":"es"},{"@type":"Organization","@id":"https://www.valcucine.com/#organization","name":"Valcucine","url":"https://www.valcucine.com/","logo":{"@type":"ImageObject","inLanguage":"es","@id":"https://www.valcucine.com/#/schema/logo/image/","url":"https://www.valcucine.com/wp-content/uploads/2024/02/logo-valcucine.webp?wsr","contentUrl":"https://www.valcucine.com/wp-content/uploads/2024/02/logo-valcucine.webp?wsr","width":288,"height":46,"caption":"Valcucine"},"image":{"@id":"https://www.valcucine.com/#/schema/logo/image/"},"sameAs":["https://www.facebook.com/valcucine/","https://www.instagram.com/valcucine/","https://www.linkedin.com/company/valcucine"]}]}</script>
<!-- / Yoast SEO plugin. -->

Estantería de pared de aluminio - Valcucine

[vc_row][vc_column][/vc_column][/vc_row][vc_row][vc_column][/vc_column][/vc_row][vc_row][vc_column][vc_column_text]Modular según las necesidades, la Estantería de pared de aluminio es la solución ideal para tener a mano los accesorios de uso frecuente y, al mismo tiempo, crear un elemento de decoración donde exponer los objetos más preciados. Siguiendo el principio de desmaterialización, la estructura se compone de montantes verticales de aluminio anodizado negro y [&hellip;]

Estanterías
