{"version":"1.0","provider_name":"Valcucine","provider_url":"https:\/\/www.valcucine.com\/fr\/","title":"La vie sur terre - Valcucine","type":"rich","width":600,"height":338,"html":"<blockquote class=\"wp-embedded-content\" data-secret=\"rRtNcfDMOO\"><a href=\"https:\/\/www.valcucine.com\/fr\/societe\/esg\/sdg\/la-vie-sur-terre\/\">La vie sur terre<\/a><\/blockquote><iframe sandbox=\"allow-scripts\" security=\"restricted\" src=\"https:\/\/www.valcucine.com\/fr\/societe\/esg\/sdg\/la-vie-sur-terre\/embed\/#?secret=rRtNcfDMOO\" width=\"600\" height=\"338\" title=\"\u00ab\u00a0La vie sur terre\u00a0\u00bb &#8212; Valcucine\" data-secret=\"rRtNcfDMOO\" frameborder=\"0\" marginwidth=\"0\" marginheight=\"0\" scrolling=\"no\" class=\"wp-embedded-content\"><\/iframe><script>\n\/*! This file is auto-generated *\/\n!function(d,l){\"use strict\";l.querySelector&&d.addEventListener&&\"undefined\"!=typeof URL&&(d.wp=d.wp||{},d.wp.receiveEmbedMessage||(d.wp.receiveEmbedMessage=function(e){var t=e.data;if((t||t.secret||t.message||t.value)&&!\/[^a-zA-Z0-9]\/.test(t.secret)){for(var s,r,n,a=l.querySelectorAll('iframe[data-secret=\"'+t.secret+'\"]'),o=l.querySelectorAll('blockquote[data-secret=\"'+t.secret+'\"]'),c=new RegExp(\"^https?:$\",\"i\"),i=0;i<o.length;i++)o[i].style.display=\"none\";for(i=0;i<a.length;i++)s=a[i],e.source===s.contentWindow&&(s.removeAttribute(\"style\"),\"height\"===t.message?(1e3<(r=parseInt(t.value,10))?r=1e3:~~r<200&&(r=200),s.height=r):\"link\"===t.message&&(r=new URL(s.getAttribute(\"src\")),n=new URL(t.value),c.test(n.protocol))&&n.host===r.host&&l.activeElement===s&&(d.top.location.href=t.value))}},d.addEventListener(\"message\",d.wp.receiveEmbedMessage,!1),l.addEventListener(\"DOMContentLoaded\",function(){for(var e,t,s=l.querySelectorAll(\"iframe.wp-embedded-content\"),r=0;r<s.length;r++)(t=(e=s[r]).getAttribute(\"data-secret\"))||(t=Math.random().toString(36).substring(2,12),e.src+=\"#?secret=\"+t,e.setAttribute(\"data-secret\",t)),e.contentWindow.postMessage({message:\"ready\",secret:t},\"*\")},!1)))}(window,document);\n\/\/# sourceURL=https:\/\/www.valcucine.com\/wp-includes\/js\/wp-embed.min.js\n<\/script>\n","description":"[vc_row][vc_column][\/vc_column][\/vc_row][vc_row][vc_column][\/vc_column][\/vc_row][vc_row css=\u00a0\u00bb.vc_custom_1710780294157{margin-bottom: 40px !important;}\u00a0\u00bb][vc_column width=\u00a0\u00bb1\/2&Prime;][vc_single_image image=\u00a0\u00bb19866&Prime; img_size=\u00a0\u00bb600&#215;338&Prime; alignment=\u00a0\u00bbcenter\u00a0\u00bb onclick=\u00a0\u00bbcustom_link\u00a0\u00bb img_link_target=\u00a0\u00bb_blank\u00a0\u00bb link=\u00a0\u00bbhttps:\/\/www.bioforest.it\/it_it\/\u00a0\u00bb css=\u00a0\u00bb.vc_custom_1727709494320{padding-top: 0px !important;}\u00a0\u00bb][\/vc_column][vc_column width=\u00a0\u00bb1\/2&Prime;][vc_column_text css=\u00a0\u00bb.vc_custom_1727709509461{padding-bottom: 0px !important;}\u00a0\u00bb]Confirmant son fort engagement en faveur d&rsquo;une culture de production plus sensible \u00e0 l&rsquo;environnement, Valcucine a \u00e9t\u00e9 en 1998 l&rsquo;un des fondateurs de Bioforest, une association qui contribue \u00e0 la restauration des ressources naturelles et \u00e0 la sauvegarde [&hellip;]"}

[vc_row][vc_column][/vc_column][/vc_row][vc_row][vc_column][/vc_column][/vc_row][vc_row css= ».vc_custom_1710780294157{margin-bottom: 40px !important;} »][vc_column width= »1/2&Prime;][vc_single_image image= »19866&Prime; img_size= »600&#215;338&Prime; alignment= »center » onclick= »custom_link » img_link_target= »_blank » link= »https://www.bioforest.it/it_it/ » css= ».vc_custom_1727709494320{padding-top: 0px !important;} »][/vc_column][vc_column width= »1/2&Prime;][vc_column_text css= ».vc_custom_1727709509461{padding-bottom: 0px !important;} »]Confirmant son fort engagement en faveur d&rsquo;une culture de production plus sensible à l&rsquo;environnement, Valcucine a été en 1998 l&rsquo;un des fondateurs de Bioforest, une association qui contribue à la restauration des ressources naturelles et à la sauvegarde [&hellip;]
