{"id":19775,"date":"2024-08-20T12:21:34","date_gmt":"2024-08-20T12:21:34","guid":{"rendered":"https:\/\/devel.valcucine.com\/caracteristiques-particulieres\/plans-repas\/bancone-sospeso\/"},"modified":"2024-08-21T11:48:39","modified_gmt":"2024-08-21T11:48:39","slug":"plan-repas-suspendu","status":"publish","type":"page","link":"https:\/\/www.valcucine.com\/fr\/caracteristiques-particulieres\/plans-repas\/plan-repas-suspendu\/","title":{"rendered":"Plan-repas suspendu"},"content":{"rendered":"<div class=\"wpb-content-wrapper\"><p>[vc_row][vc_column]\n\t\t\t<!-- START BANCONE SOSPESO REVOLUTION SLIDER 6.7.38 --><p class=\"rs-p-wp-fix\"><\/p>\n\t\t\t<rs-module-wrap id=\"rev_slider_210_1_wrapper\" data-source=\"gallery\" style=\"visibility:hidden;background:transparent;padding:0;margin:0px auto;margin-top:0;margin-bottom:0;\">\n\t\t\t\t<rs-module id=\"rev_slider_210_1\" style=\"\" data-version=\"6.7.38\">\n\t\t\t\t\t<rs-slides style=\"overflow: hidden; position: absolute;\">\n\t\t\t\t\t\t<rs-slide style=\"position: absolute;\" data-key=\"rs-996\" data-title=\"Slide\" data-in=\"o:0;\" data-out=\"a:false;\">\n\t\t\t\t\t\t\t<img decoding=\"async\" src=\"\/\/www.valcucine.com\/wp-content\/plugins\/revslider\/sr6\/assets\/assets\/dummy.png\" alt=\"\" title=\"FLOATING BREAKFAST BAR\" width=\"2560\" height=\"1905\" class=\"rev-slidebg tp-rs-img rs-lazyload\" data-lazyload=\"\/\/www.valcucine.com\/wp-content\/uploads\/2024\/08\/FLOATING-BREAKFAST-BAR-scaled.jpg\" data-no-retina>\n<!---->\t\t\t\t\t<\/rs-slide>\n\t\t\t\t\t<\/rs-slides>\n\t\t\t\t<\/rs-module>\n\t\t\t\t<script>\n\t\t\t\t\tsetREVStartSize({c: 'rev_slider_210_1',rl:[1240,1024,778,480],el:[900],gw:[1240],gh:[900],type:'standard',justify:'',layout:'fullwidth',mh:\"0\"});if (window.RS_MODULES!==undefined && window.RS_MODULES.modules!==undefined && window.RS_MODULES.modules[\"revslider2101\"]!==undefined) {window.RS_MODULES.modules[\"revslider2101\"].once = false;window.revapi210 = undefined;if (window.RS_MODULES.checkMinimal!==undefined) window.RS_MODULES.checkMinimal()}\n\t\t\t\t<\/script>\n\t\t\t<\/rs-module-wrap>\n\t\t\t<!-- END REVOLUTION SLIDER -->\n[\/vc_column][\/vc_row][vc_row][vc_column]\n        \n        <h1 class=\"text-center  main__title__h1  vc_custom_1724240876604 \" style=\"color:#333333;\"> \n\n         Plan-repas suspendu\n        \n        <\/h1>[\/vc_column][\/vc_row][vc_row][vc_column][vc_column_text]<\/p>\n<div class=\"text\">\n<p>Le plan-repas, install\u00e9 \u00e0 une hauteur de plan-snack, joue visuellement sur la surprenante profondeur en saillie et sur le chevauchement de 5 cm seulement sur le plan de travail. Le volume semble donc suspendu dans un \u00e9quilibre impossible alors qu\u2019il est solidement fix\u00e9 aux \u00e9l\u00e9ments bas moyennant de robustes consoles cach\u00e9es dans l\u2019\u00e9paisseur du vide sanitaire. \u00c9tudi\u00e9 pour pouvoir s\u2019associer \u00e0 d\u2019autres \u00e9l\u00e9ments particuliers, comme le canal \u00e9quip\u00e9 ou le syst\u00e8me Logica Theca, il permet de cr\u00e9er des compositions en \u00eelot dot\u00e9es d\u2019une parfaite ergonomie et d\u2019une grande fonctionnalit\u00e9. Le plan-repas, de 40 cm de profondeur et de 6 cm d\u2019\u00e9paisseur, pose sur les \u00e9l\u00e9ments bas en r\u00e9duisant l\u00e9g\u00e8rement la profondeur du plan de travail. Il sera donc toujours \u00e9quip\u00e9 d\u2019une fine rehausse de protection en aluminium sur le chant arri\u00e8re ou bien d\u2019un \u00e9cran anti-\u00e9claboussures en verre en cas de table de cuisson ou d\u2019\u00e9vier install\u00e9s sur le plan de travail.<\/p>\n<\/div>\n<p>[\/vc_column_text][\/vc_column][\/vc_row]<\/p>\n<\/div>","protected":false},"excerpt":{"rendered":"<p>[vc_row][vc_column][\/vc_column][\/vc_row][vc_row][vc_column][\/vc_column][\/vc_row][vc_row][vc_column][vc_column_text] Le plan-repas, install\u00e9 \u00e0 une hauteur de plan-snack, joue visuellement sur la surprenante profondeur en saillie et sur le chevauchement de 5 cm seulement sur le plan de travail. Le volume semble donc suspendu dans un \u00e9quilibre impossible alors qu\u2019il est solidement fix\u00e9 aux \u00e9l\u00e9ments bas moyennant de robustes consoles cach\u00e9es dans l\u2019\u00e9paisseur du [&hellip;]<\/p>\n","protected":false},"author":2,"featured_media":0,"parent":19761,"menu_order":0,"comment_status":"closed","ping_status":"closed","template":"","meta":{"footnotes":""},"class_list":["post-19775","page","type-page","status-publish","hentry"],"yoast_head":"<!-- This site is optimized with the Yoast SEO plugin v26.2 - https:\/\/yoast.com\/wordpress\/plugins\/seo\/ -->\n<title>Plan-repas suspendu - Valcucine<\/title>\n<meta name=\"robots\" content=\"index, follow, max-snippet:-1, max-image-preview:large, max-video-preview:-1\" \/>\n<link rel=\"canonical\" href=\"https:\/\/www.valcucine.com\/fr\/caracteristiques-particulieres\/plans-repas\/plan-repas-suspendu\/\" \/>\n<meta property=\"og:locale\" content=\"fr_FR\" \/>\n<meta property=\"og:type\" content=\"article\" \/>\n<meta property=\"og:title\" content=\"Plan-repas suspendu - Valcucine\" \/>\n<meta property=\"og:description\" content=\"[vc_row][vc_column][\/vc_column][\/vc_row][vc_row][vc_column][\/vc_column][\/vc_row][vc_row][vc_column][vc_column_text] Le plan-repas, install\u00e9 \u00e0 une hauteur de plan-snack, joue visuellement sur la surprenante profondeur en saillie et sur le chevauchement de 5 cm seulement sur le plan de travail. Le volume semble donc suspendu dans un \u00e9quilibre impossible alors qu\u2019il est solidement fix\u00e9 aux \u00e9l\u00e9ments bas moyennant de robustes consoles cach\u00e9es dans l\u2019\u00e9paisseur du [&hellip;]\" \/>\n<meta property=\"og:url\" content=\"https:\/\/www.valcucine.com\/fr\/caracteristiques-particulieres\/plans-repas\/plan-repas-suspendu\/\" \/>\n<meta property=\"og:site_name\" content=\"Valcucine\" \/>\n<meta property=\"article:publisher\" content=\"https:\/\/www.facebook.com\/valcucine\/\" \/>\n<meta property=\"article:modified_time\" content=\"2024-08-21T11:48:39+00:00\" \/>\n<meta name=\"twitter:card\" content=\"summary_large_image\" \/>\n<meta name=\"twitter:label1\" content=\"Dur\u00e9e de lecture estim\u00e9e\" \/>\n\t<meta name=\"twitter:data1\" content=\"1 minute\" \/>\n<script type=\"application\/ld+json\" class=\"yoast-schema-graph\">{\"@context\":\"https:\/\/schema.org\",\"@graph\":[{\"@type\":\"WebPage\",\"@id\":\"https:\/\/www.valcucine.com\/fr\/caracteristiques-particulieres\/plans-repas\/plan-repas-suspendu\/\",\"url\":\"https:\/\/www.valcucine.com\/fr\/caracteristiques-particulieres\/plans-repas\/plan-repas-suspendu\/\",\"name\":\"Plan-repas suspendu - Valcucine\",\"isPartOf\":{\"@id\":\"https:\/\/www.valcucine.com\/#website\"},\"datePublished\":\"2024-08-20T12:21:34+00:00\",\"dateModified\":\"2024-08-21T11:48:39+00:00\",\"breadcrumb\":{\"@id\":\"https:\/\/www.valcucine.com\/fr\/caracteristiques-particulieres\/plans-repas\/plan-repas-suspendu\/#breadcrumb\"},\"inLanguage\":\"fr-FR\",\"potentialAction\":[{\"@type\":\"ReadAction\",\"target\":[\"https:\/\/www.valcucine.com\/fr\/caracteristiques-particulieres\/plans-repas\/plan-repas-suspendu\/\"]}]},{\"@type\":\"BreadcrumbList\",\"@id\":\"https:\/\/www.valcucine.com\/fr\/caracteristiques-particulieres\/plans-repas\/plan-repas-suspendu\/#breadcrumb\",\"itemListElement\":[{\"@type\":\"ListItem\",\"position\":1,\"name\":\"Valcucine\",\"item\":\"https:\/\/www.valcucine.com\/fr\/\"},{\"@type\":\"ListItem\",\"position\":2,\"name\":\"\u00c9l\u00e9ments Particuliers\",\"item\":\"https:\/\/www.valcucine.com\/fr\/caracteristiques-particulieres\/\"},{\"@type\":\"ListItem\",\"position\":3,\"name\":\"Plans-repas\",\"item\":\"https:\/\/www.valcucine.com\/fr\/caracteristiques-particulieres\/plans-repas\/\"},{\"@type\":\"ListItem\",\"position\":4,\"name\":\"Plan-repas suspendu\"}]},{\"@type\":\"WebSite\",\"@id\":\"https:\/\/www.valcucine.com\/#website\",\"url\":\"https:\/\/www.valcucine.com\/\",\"name\":\"Valcucine\",\"description\":\"\",\"publisher\":{\"@id\":\"https:\/\/www.valcucine.com\/#organization\"},\"potentialAction\":[{\"@type\":\"SearchAction\",\"target\":{\"@type\":\"EntryPoint\",\"urlTemplate\":\"https:\/\/www.valcucine.com\/?s={search_term_string}\"},\"query-input\":{\"@type\":\"PropertyValueSpecification\",\"valueRequired\":true,\"valueName\":\"search_term_string\"}}],\"inLanguage\":\"fr-FR\"},{\"@type\":\"Organization\",\"@id\":\"https:\/\/www.valcucine.com\/#organization\",\"name\":\"Valcucine\",\"url\":\"https:\/\/www.valcucine.com\/\",\"logo\":{\"@type\":\"ImageObject\",\"inLanguage\":\"fr-FR\",\"@id\":\"https:\/\/www.valcucine.com\/#\/schema\/logo\/image\/\",\"url\":\"https:\/\/www.valcucine.com\/wp-content\/uploads\/2024\/02\/logo-valcucine.webp?wsr\",\"contentUrl\":\"https:\/\/www.valcucine.com\/wp-content\/uploads\/2024\/02\/logo-valcucine.webp?wsr\",\"width\":288,\"height\":46,\"caption\":\"Valcucine\"},\"image\":{\"@id\":\"https:\/\/www.valcucine.com\/#\/schema\/logo\/image\/\"},\"sameAs\":[\"https:\/\/www.facebook.com\/valcucine\/\",\"https:\/\/www.instagram.com\/valcucine\/\",\"https:\/\/www.linkedin.com\/company\/valcucine\"]}]}<\/script>\n<!-- \/ Yoast SEO plugin. -->","yoast_head_json":{"title":"Plan-repas suspendu - Valcucine","robots":{"index":"index","follow":"follow","max-snippet":"max-snippet:-1","max-image-preview":"max-image-preview:large","max-video-preview":"max-video-preview:-1"},"canonical":"https:\/\/www.valcucine.com\/fr\/caracteristiques-particulieres\/plans-repas\/plan-repas-suspendu\/","og_locale":"fr_FR","og_type":"article","og_title":"Plan-repas suspendu - Valcucine","og_description":"[vc_row][vc_column][\/vc_column][\/vc_row][vc_row][vc_column][\/vc_column][\/vc_row][vc_row][vc_column][vc_column_text] Le plan-repas, install\u00e9 \u00e0 une hauteur de plan-snack, joue visuellement sur la surprenante profondeur en saillie et sur le chevauchement de 5 cm seulement sur le plan de travail. Le volume semble donc suspendu dans un \u00e9quilibre impossible alors qu\u2019il est solidement fix\u00e9 aux \u00e9l\u00e9ments bas moyennant de robustes consoles cach\u00e9es dans l\u2019\u00e9paisseur du [&hellip;]","og_url":"https:\/\/www.valcucine.com\/fr\/caracteristiques-particulieres\/plans-repas\/plan-repas-suspendu\/","og_site_name":"Valcucine","article_publisher":"https:\/\/www.facebook.com\/valcucine\/","article_modified_time":"2024-08-21T11:48:39+00:00","twitter_card":"summary_large_image","twitter_misc":{"Dur\u00e9e de lecture estim\u00e9e":"1 minute"},"schema":{"@context":"https:\/\/schema.org","@graph":[{"@type":"WebPage","@id":"https:\/\/www.valcucine.com\/fr\/caracteristiques-particulieres\/plans-repas\/plan-repas-suspendu\/","url":"https:\/\/www.valcucine.com\/fr\/caracteristiques-particulieres\/plans-repas\/plan-repas-suspendu\/","name":"Plan-repas suspendu - Valcucine","isPartOf":{"@id":"https:\/\/www.valcucine.com\/#website"},"datePublished":"2024-08-20T12:21:34+00:00","dateModified":"2024-08-21T11:48:39+00:00","breadcrumb":{"@id":"https:\/\/www.valcucine.com\/fr\/caracteristiques-particulieres\/plans-repas\/plan-repas-suspendu\/#breadcrumb"},"inLanguage":"fr-FR","potentialAction":[{"@type":"ReadAction","target":["https:\/\/www.valcucine.com\/fr\/caracteristiques-particulieres\/plans-repas\/plan-repas-suspendu\/"]}]},{"@type":"BreadcrumbList","@id":"https:\/\/www.valcucine.com\/fr\/caracteristiques-particulieres\/plans-repas\/plan-repas-suspendu\/#breadcrumb","itemListElement":[{"@type":"ListItem","position":1,"name":"Valcucine","item":"https:\/\/www.valcucine.com\/fr\/"},{"@type":"ListItem","position":2,"name":"\u00c9l\u00e9ments Particuliers","item":"https:\/\/www.valcucine.com\/fr\/caracteristiques-particulieres\/"},{"@type":"ListItem","position":3,"name":"Plans-repas","item":"https:\/\/www.valcucine.com\/fr\/caracteristiques-particulieres\/plans-repas\/"},{"@type":"ListItem","position":4,"name":"Plan-repas suspendu"}]},{"@type":"WebSite","@id":"https:\/\/www.valcucine.com\/#website","url":"https:\/\/www.valcucine.com\/","name":"Valcucine","description":"","publisher":{"@id":"https:\/\/www.valcucine.com\/#organization"},"potentialAction":[{"@type":"SearchAction","target":{"@type":"EntryPoint","urlTemplate":"https:\/\/www.valcucine.com\/?s={search_term_string}"},"query-input":{"@type":"PropertyValueSpecification","valueRequired":true,"valueName":"search_term_string"}}],"inLanguage":"fr-FR"},{"@type":"Organization","@id":"https:\/\/www.valcucine.com\/#organization","name":"Valcucine","url":"https:\/\/www.valcucine.com\/","logo":{"@type":"ImageObject","inLanguage":"fr-FR","@id":"https:\/\/www.valcucine.com\/#\/schema\/logo\/image\/","url":"https:\/\/www.valcucine.com\/wp-content\/uploads\/2024\/02\/logo-valcucine.webp?wsr","contentUrl":"https:\/\/www.valcucine.com\/wp-content\/uploads\/2024\/02\/logo-valcucine.webp?wsr","width":288,"height":46,"caption":"Valcucine"},"image":{"@id":"https:\/\/www.valcucine.com\/#\/schema\/logo\/image\/"},"sameAs":["https:\/\/www.facebook.com\/valcucine\/","https:\/\/www.instagram.com\/valcucine\/","https:\/\/www.linkedin.com\/company\/valcucine"]}]}},"_links":{"self":[{"href":"https:\/\/www.valcucine.com\/fr\/wp-json\/wp\/v2\/pages\/19775","targetHints":{"allow":["GET"]}}],"collection":[{"href":"https:\/\/www.valcucine.com\/fr\/wp-json\/wp\/v2\/pages"}],"about":[{"href":"https:\/\/www.valcucine.com\/fr\/wp-json\/wp\/v2\/types\/page"}],"author":[{"embeddable":true,"href":"https:\/\/www.valcucine.com\/fr\/wp-json\/wp\/v2\/users\/2"}],"replies":[{"embeddable":true,"href":"https:\/\/www.valcucine.com\/fr\/wp-json\/wp\/v2\/comments?post=19775"}],"version-history":[{"count":1,"href":"https:\/\/www.valcucine.com\/fr\/wp-json\/wp\/v2\/pages\/19775\/revisions"}],"predecessor-version":[{"id":19776,"href":"https:\/\/www.valcucine.com\/fr\/wp-json\/wp\/v2\/pages\/19775\/revisions\/19776"}],"up":[{"embeddable":true,"href":"https:\/\/www.valcucine.com\/fr\/wp-json\/wp\/v2\/pages\/19761"}],"wp:attachment":[{"href":"https:\/\/www.valcucine.com\/fr\/wp-json\/wp\/v2\/media?parent=19775"}],"curies":[{"name":"wp","href":"https:\/\/api.w.org\/{rel}","templated":true}]}}

<div class="wpb-content-wrapper"><p>[vc_row][vc_column]
			<!-- START BANCONE SOSPESO REVOLUTION SLIDER 6.7.38 --><p class="rs-p-wp-fix"></p>
			<rs-module-wrap id="rev_slider_210_1_wrapper" data-source="gallery" style="visibility:hidden;background:transparent;padding:0;margin:0px auto;margin-top:0;margin-bottom:0;">
				<rs-module id="rev_slider_210_1" style="" data-version="6.7.38">
					<rs-slides style="overflow: hidden; position: absolute;">
						<rs-slide style="position: absolute;" data-key="rs-996" data-title="Slide" data-in="o:0;" data-out="a:false;">
							<img decoding="async" src="//www.valcucine.com/wp-content/plugins/revslider/sr6/assets/assets/dummy.png" alt="" title="FLOATING BREAKFAST BAR" width="2560" height="1905" class="rev-slidebg tp-rs-img rs-lazyload" data-lazyload="//www.valcucine.com/wp-content/uploads/2024/08/FLOATING-BREAKFAST-BAR-scaled.jpg" data-no-retina>
<!---->					</rs-slide>
					</rs-slides>
				</rs-module>
				<script>
					setREVStartSize({c: 'rev_slider_210_1',rl:[1240,1024,778,480],el:[900],gw:[1240],gh:[900],type:'standard',justify:'',layout:'fullwidth',mh:"0"});if (window.RS_MODULES!==undefined && window.RS_MODULES.modules!==undefined && window.RS_MODULES.modules["revslider2101"]!==undefined) {window.RS_MODULES.modules["revslider2101"].once = false;window.revapi210 = undefined;if (window.RS_MODULES.checkMinimal!==undefined) window.RS_MODULES.checkMinimal()}
				</script>
			</rs-module-wrap>
			<!-- END REVOLUTION SLIDER -->
[/vc_column][/vc_row][vc_row][vc_column]
        
        <h1 class="text-center  main__title__h1  vc_custom_1724240876604 " style="color:#333333;"> 

         Plan-repas suspendu
        
        </h1>[/vc_column][/vc_row][vc_row][vc_column][vc_column_text]</p>
<div class="text">
<p>Le plan-repas, installé à une hauteur de plan-snack, joue visuellement sur la surprenante profondeur en saillie et sur le chevauchement de 5 cm seulement sur le plan de travail. Le volume semble donc suspendu dans un équilibre impossible alors qu’il est solidement fixé aux éléments bas moyennant de robustes consoles cachées dans l’épaisseur du vide sanitaire. Étudié pour pouvoir s’associer à d’autres éléments particuliers, comme le canal équipé ou le système Logica Theca, il permet de créer des compositions en îlot dotées d’une parfaite ergonomie et d’une grande fonctionnalité. Le plan-repas, de 40 cm de profondeur et de 6 cm d’épaisseur, pose sur les éléments bas en réduisant légèrement la profondeur du plan de travail. Il sera donc toujours équipé d’une fine rehausse de protection en aluminium sur le chant arrière ou bien d’un écran anti-éclaboussures en verre en cas de table de cuisson ou d’évier installés sur le plan de travail.</p>
</div>
<p>[/vc_column_text][/vc_column][/vc_row]</p>
</div>

<p>[vc_row][vc_column][/vc_column][/vc_row][vc_row][vc_column][/vc_column][/vc_row][vc_row][vc_column][vc_column_text] Le plan-repas, installé à une hauteur de plan-snack, joue visuellement sur la surprenante profondeur en saillie et sur le chevauchement de 5 cm seulement sur le plan de travail. Le volume semble donc suspendu dans un équilibre impossible alors qu’il est solidement fixé aux éléments bas moyennant de robustes consoles cachées dans l’épaisseur du [&hellip;]</p>

<!-- This site is optimized with the Yoast SEO plugin v26.2 - https://yoast.com/wordpress/plugins/seo/ -->
<title>Plan-repas suspendu - Valcucine</title>
<meta name="robots" content="index, follow, max-snippet:-1, max-image-preview:large, max-video-preview:-1" />
<link rel="canonical" href="https://www.valcucine.com/fr/caracteristiques-particulieres/plans-repas/plan-repas-suspendu/" />
<meta property="og:locale" content="fr_FR" />
<meta property="og:type" content="article" />
<meta property="og:title" content="Plan-repas suspendu - Valcucine" />
<meta property="og:description" content="[vc_row][vc_column][/vc_column][/vc_row][vc_row][vc_column][/vc_column][/vc_row][vc_row][vc_column][vc_column_text] Le plan-repas, installé à une hauteur de plan-snack, joue visuellement sur la surprenante profondeur en saillie et sur le chevauchement de 5 cm seulement sur le plan de travail. Le volume semble donc suspendu dans un équilibre impossible alors qu’il est solidement fixé aux éléments bas moyennant de robustes consoles cachées dans l’épaisseur du [&hellip;]" />
<meta property="og:url" content="https://www.valcucine.com/fr/caracteristiques-particulieres/plans-repas/plan-repas-suspendu/" />
<meta property="og:site_name" content="Valcucine" />
<meta property="article:publisher" content="https://www.facebook.com/valcucine/" />
<meta property="article:modified_time" content="2024-08-21T11:48:39+00:00" />
<meta name="twitter:card" content="summary_large_image" />
<meta name="twitter:label1" content="Durée de lecture estimée" />
	<meta name="twitter:data1" content="1 minute" />
<script type="application/ld+json" class="yoast-schema-graph">{"@context":"https://schema.org","@graph":[{"@type":"WebPage","@id":"https://www.valcucine.com/fr/caracteristiques-particulieres/plans-repas/plan-repas-suspendu/","url":"https://www.valcucine.com/fr/caracteristiques-particulieres/plans-repas/plan-repas-suspendu/","name":"Plan-repas suspendu - Valcucine","isPartOf":{"@id":"https://www.valcucine.com/#website"},"datePublished":"2024-08-20T12:21:34+00:00","dateModified":"2024-08-21T11:48:39+00:00","breadcrumb":{"@id":"https://www.valcucine.com/fr/caracteristiques-particulieres/plans-repas/plan-repas-suspendu/#breadcrumb"},"inLanguage":"fr-FR","potentialAction":[{"@type":"ReadAction","target":["https://www.valcucine.com/fr/caracteristiques-particulieres/plans-repas/plan-repas-suspendu/"]}]},{"@type":"BreadcrumbList","@id":"https://www.valcucine.com/fr/caracteristiques-particulieres/plans-repas/plan-repas-suspendu/#breadcrumb","itemListElement":[{"@type":"ListItem","position":1,"name":"Valcucine","item":"https://www.valcucine.com/fr/"},{"@type":"ListItem","position":2,"name":"Éléments Particuliers","item":"https://www.valcucine.com/fr/caracteristiques-particulieres/"},{"@type":"ListItem","position":3,"name":"Plans-repas","item":"https://www.valcucine.com/fr/caracteristiques-particulieres/plans-repas/"},{"@type":"ListItem","position":4,"name":"Plan-repas suspendu"}]},{"@type":"WebSite","@id":"https://www.valcucine.com/#website","url":"https://www.valcucine.com/","name":"Valcucine","description":"","publisher":{"@id":"https://www.valcucine.com/#organization"},"potentialAction":[{"@type":"SearchAction","target":{"@type":"EntryPoint","urlTemplate":"https://www.valcucine.com/?s={search_term_string}"},"query-input":{"@type":"PropertyValueSpecification","valueRequired":true,"valueName":"search_term_string"}}],"inLanguage":"fr-FR"},{"@type":"Organization","@id":"https://www.valcucine.com/#organization","name":"Valcucine","url":"https://www.valcucine.com/","logo":{"@type":"ImageObject","inLanguage":"fr-FR","@id":"https://www.valcucine.com/#/schema/logo/image/","url":"https://www.valcucine.com/wp-content/uploads/2024/02/logo-valcucine.webp?wsr","contentUrl":"https://www.valcucine.com/wp-content/uploads/2024/02/logo-valcucine.webp?wsr","width":288,"height":46,"caption":"Valcucine"},"image":{"@id":"https://www.valcucine.com/#/schema/logo/image/"},"sameAs":["https://www.facebook.com/valcucine/","https://www.instagram.com/valcucine/","https://www.linkedin.com/company/valcucine"]}]}</script>
<!-- / Yoast SEO plugin. -->

[vc_row][vc_column][/vc_column][/vc_row][vc_row][vc_column][/vc_column][/vc_row][vc_row][vc_column][vc_column_text] Le plan-repas, installé à une hauteur de plan-snack, joue visuellement sur la surprenante profondeur en saillie et sur le chevauchement de 5 cm seulement sur le plan de travail. Le volume semble donc suspendu dans un équilibre impossible alors qu’il est solidement fixé aux éléments bas moyennant de robustes consoles cachées dans l’épaisseur du [&hellip;]

Éléments Particuliers
